CRAN Package Check Results for Package hmmr

Last updated on 2022-11-26 23:00:07 CET.

Flavor Version Tinstall Tcheck Ttotal Status Flags
r-devel-linux-x86_64-debian-clang 1.0-0 5.20 60.26 65.46 NOTE
r-devel-linux-x86_64-debian-gcc 1.0-0 4.11 45.59 49.70 NOTE
r-devel-linux-x86_64-fedora-clang 1.0-0 91.10 NOTE
r-devel-linux-x86_64-fedora-gcc 1.0-0 91.90 NOTE
r-devel-windows-x86_64 1.0-0 18.00 93.00 111.00 NOTE
r-patched-linux-x86_64 1.0-0 OK
r-release-linux-x86_64 1.0-0 4.96 56.70 61.66 OK
r-release-macos-arm64 1.0-0 26.00 OK
r-release-macos-x86_64 1.0-0 38.00 OK
r-release-windows-x86_64 1.0-0 16.00 98.00 114.00 OK
r-oldrel-macos-arm64 1.0-0 32.00 OK
r-oldrel-macos-x86_64 1.0-0 44.00 OK
r-oldrel-windows-ix86+x86_64 1.0-0 12.00 90.00 102.00 OK

Check Details

Version: 1.0-0
Check: Rd files
Result: NOTE
    checkRd: (-1) disc42.Rd:28: Escaped LaTeX specials: \&
    checkRd: (-1) discrimination.Rd:31: Escaped LaTeX specials: \&
Flavors: r-devel-linux-x86_64-debian-clang, r-devel-linux-x86_64-debian-gcc, r-devel-linux-x86_64-fedora-clang, r-devel-linux-x86_64-fedora-gcc, r-devel-windows-x86_64