CRAN Package Check Results for Package hkevp

Last updated on 2021-12-04 21:53:10 CET.

Flavor Version Tinstall Tcheck Ttotal Status Flags
r-devel-linux-x86_64-debian-clang 1.1.4 48.07 59.07 107.14 OK
r-devel-linux-x86_64-debian-gcc 1.1.4 37.67 43.05 80.72 OK
r-devel-linux-x86_64-fedora-clang 1.1.4 149.97 NOTE
r-devel-linux-x86_64-fedora-gcc 1.1.4 134.32 NOTE
r-devel-windows-x86_64-new-UL 1.1.4 64.00 126.00 190.00 OK
r-devel-windows-x86_64-new-TK 1.1.4 OK
r-devel-windows-x86_64-old 1.1.4 59.00 80.00 139.00 OK
r-patched-linux-x86_64 1.1.4 40.62 49.59 90.21 OK
r-release-linux-x86_64 1.1.4 43.94 49.83 93.77 OK
r-release-macos-arm64 1.1.4 NOTE
r-release-macos-x86_64 1.1.4 NOTE
r-release-windows-ix86+x86_64 1.1.4 115.00 156.00 271.00 OK
r-oldrel-macos-x86_64 1.1.4 NOTE
r-oldrel-windows-ix86+x86_64 1.1.4 112.00 147.00 259.00 OK

Check Details

Version: 1.1.4
Check: compiled code
Result: NOTE
    File ‘hkevp/libs/hkevp.so’:
     Found no calls to: ‘R_registerRoutines’, ‘R_useDynamicSymbols’
    
    It is good practice to register native routines and to disable symbol
    search.
    
    See ‘Writing portable packages’ in the ‘Writing R Extensions’ manual.
Flavors: r-devel-linux-x86_64-fedora-clang, r-devel-linux-x86_64-fedora-gcc

Version: 1.1.4
Check: installed package size
Result: NOTE
     installed size is 6.3Mb
     sub-directories of 1Mb or more:
     libs 6.1Mb
Flavors: r-release-macos-arm64, r-release-macos-x86_64, r-oldrel-macos-x86_64