Last updated on 2021-03-09 04:48:49 CET.
Flavor | Version | Tinstall | Tcheck | Ttotal | Status | Flags |
---|---|---|---|---|---|---|
r-devel-linux-x86_64-debian-clang | 0.0.3 | 10.29 | 27.63 | 37.92 | OK | |
r-devel-linux-x86_64-debian-gcc | 0.0.3 | 10.82 | 22.44 | 33.26 | OK | |
r-devel-linux-x86_64-fedora-clang | 0.0.3 | 59.83 | NOTE | |||
r-devel-linux-x86_64-fedora-gcc | 0.0.3 | 50.38 | NOTE | |||
r-devel-windows-ix86+x86_64 | 0.0.3 | 21.00 | 34.00 | 55.00 | OK | |
r-devel-windows-x86_64-gcc10-UCRT | 0.0.3 | NOTE | ||||
r-patched-linux-x86_64 | 0.0.3 | 11.59 | 27.09 | 38.68 | OK | |
r-patched-solaris-x86 | 0.0.3 | 87.00 | NOTE | |||
r-release-linux-x86_64 | 0.0.3 | 12.42 | 27.89 | 40.31 | OK | |
r-release-macos-x86_64 | 0.0.3 | NOTE | ||||
r-release-windows-ix86+x86_64 | 0.0.3 | 18.00 | 33.00 | 51.00 | OK | |
r-oldrel-macos-x86_64 | 0.0.3 | NOTE | ||||
r-oldrel-windows-ix86+x86_64 | 0.0.3 | 22.00 | 30.00 | 52.00 | OK |
Version: 0.0.3
Check: data for non-ASCII characters
Result: NOTE
Note: found 5002 marked UTF-8 strings
Flavors: r-devel-linux-x86_64-fedora-clang, r-devel-linux-x86_64-fedora-gcc, r-devel-windows-x86_64-gcc10-UCRT, r-patched-solaris-x86, r-release-macos-x86_64, r-oldrel-macos-x86_64