Last updated on 2023-03-30 05:49:11 CEST.
Flavor | Version | Tinstall | Tcheck | Ttotal | Status | Flags |
---|---|---|---|---|---|---|
r-devel-linux-x86_64-debian-clang | 0.1-6 | 553.56 | 30.44 | 584.00 | NOTE | |
r-devel-linux-x86_64-debian-gcc | 0.1-6 | 745.28 | 23.76 | 769.04 | NOTE | |
r-devel-linux-x86_64-fedora-clang | 0.1-6 | 1097.81 | NOTE | |||
r-devel-linux-x86_64-fedora-gcc | 0.1-6 | 1254.55 | NOTE | |||
r-devel-windows-x86_64 | 0.1-6 | 1743.00 | 0.00 | 1743.00 | WARN | |
r-patched-linux-x86_64 | 0.1-6 | 755.98 | 29.38 | 785.36 | NOTE | |
r-release-linux-x86_64 | 0.1-6 | 767.30 | 31.02 | 798.32 | OK | |
r-release-macos-arm64 | 0.1-6 | 237.00 | NOTE | |||
r-release-macos-x86_64 | 0.1-6 | 313.00 | NOTE | |||
r-release-windows-x86_64 | 0.1-6 | 1056.00 | 100.00 | 1156.00 | OK | |
r-oldrel-macos-arm64 | 0.1-6 | 219.00 | NOTE | |||
r-oldrel-macos-x86_64 | 0.1-6 | 305.00 | NOTE | |||
r-oldrel-windows-ix86+x86_64 | 0.1-6 | 7.00 | 19.00 | 26.00 | ERROR |
Version: 0.1-6
Check: C++ specification
Result: NOTE
Specified C++11: please drop specification unless essential
Flavors: r-devel-linux-x86_64-debian-clang, r-devel-linux-x86_64-debian-gcc, r-devel-linux-x86_64-fedora-clang, r-devel-linux-x86_64-fedora-gcc, r-devel-windows-x86_64, r-patched-linux-x86_64
Version: 0.1-6
Check: whether package can be installed
Result: WARN
Found the following significant warnings:
D:/temp/RtmpKCtZP9/R.INSTALL1f4107bce2e73/highs/inst/HiGHS/src/util/HighsHashTree.h:1152:16: warning: pointer 'iter' used after 'void operator delete(void*)' [-Wuse-after-free]
See 'd:/Rcompile/CRANpkg/local/4.3/highs.Rcheck/00install.out' for details.
* used C++ compiler: 'g++.exe (GCC) 12.2.0'
Flavor: r-devel-windows-x86_64
Version: 0.1-6
Check: installed package size
Result: NOTE
installed size is 46.2Mb
sub-directories of 1Mb or more:
libs 46.1Mb
Flavors: r-release-macos-arm64, r-release-macos-x86_64, r-oldrel-macos-arm64, r-oldrel-macos-x86_64
Version: 0.1-6
Check: whether package can be installed
Result: ERROR
Installation failed.
Flavor: r-oldrel-windows-ix86+x86_64