Last updated on 2025-01-18 10:50:18 CET.
Flavor | Version | Tinstall | Tcheck | Ttotal | Status | Flags |
---|---|---|---|---|---|---|
r-devel-linux-x86_64-debian-clang | 0.9.4 | 12.95 | 116.19 | 129.14 | OK | |
r-devel-linux-x86_64-debian-gcc | 0.9.4 | 8.57 | 72.10 | 80.67 | OK | |
r-devel-linux-x86_64-fedora-clang | 0.9.4 | 192.78 | OK | |||
r-devel-linux-x86_64-fedora-gcc | 0.9.4 | 180.54 | OK | |||
r-devel-windows-x86_64 | 0.9.4 | 16.00 | 147.00 | 163.00 | OK | |
r-patched-linux-x86_64 | 0.9.4 | 12.23 | 102.79 | 115.02 | OK | |
r-release-linux-x86_64 | 0.9.4 | 10.72 | 102.35 | 113.07 | OK | |
r-release-macos-arm64 | 0.9.4 | 52.00 | OK | |||
r-release-macos-x86_64 | 0.9.4 | 81.00 | OK | |||
r-release-windows-x86_64 | 0.9.4 | 15.00 | 142.00 | 157.00 | OK | |
r-oldrel-macos-arm64 | 0.9.4 | 61.00 | OK | |||
r-oldrel-macos-x86_64 | 0.9.4 | 97.00 | NOTE | |||
r-oldrel-windows-x86_64 | 0.9.4 | 19.00 | 180.00 | 199.00 | OK |
Version: 0.9.4
Check: package dependencies
Result: NOTE
Package suggested but not available for checking: ‘geojsonio’
Flavor: r-oldrel-macos-x86_64