CRAN Package Check Results for Package hierarchicalSets

Last updated on 2019-07-19 13:46:22 CEST.

Flavor Version Tinstall Tcheck Ttotal Status Flags
r-devel-linux-x86_64-debian-clang 1.0.2 33.63 83.01 116.64 NOTE
r-devel-linux-x86_64-debian-gcc 1.0.2 26.69 66.62 93.31 NOTE
r-devel-linux-x86_64-fedora-clang 1.0.2 149.82 NOTE
r-devel-linux-x86_64-fedora-gcc 1.0.2 161.66 NOTE
r-devel-windows-ix86+x86_64 1.0.2 94.00 137.00 231.00 NOTE
r-patched-linux-x86_64 1.0.2 31.74 80.08 111.82 NOTE
r-patched-solaris-x86 1.0.2 189.30 NOTE
r-release-linux-x86_64 1.0.2 31.13 80.87 112.00 NOTE
r-release-windows-ix86+x86_64 1.0.2 69.00 140.00 209.00 NOTE
r-release-osx-x86_64 1.0.2 NOTE
r-oldrel-windows-ix86+x86_64 1.0.2 64.00 189.00 253.00 NOTE
r-oldrel-osx-x86_64 1.0.2 NOTE

Check Details

Version: 1.0.2
Check: dependencies in R code
Result: NOTE
    Unexported objects imported by ':::' calls:
     'ggplot2:::build_guides' 'ggplot2:::guide_axis'
     'ggplot2:::scales_list'
     See the note in ?`:::` about the use of this operator.
Flavors: r-devel-linux-x86_64-debian-clang, r-devel-linux-x86_64-debian-gcc, r-devel-linux-x86_64-fedora-clang, r-devel-linux-x86_64-fedora-gcc, r-devel-windows-ix86+x86_64, r-patched-linux-x86_64, r-patched-solaris-x86, r-release-linux-x86_64, r-release-windows-ix86+x86_64, r-release-osx-x86_64, r-oldrel-windows-ix86+x86_64, r-oldrel-osx-x86_64

Version: 1.0.2
Check: compiled code
Result: NOTE
    File ‘hierarchicalSets/libs/hierarchicalSets.so’:
     Found no calls to: ‘R_registerRoutines’, ‘R_useDynamicSymbols’
    
    It is good practice to register native routines and to disable symbol
    search.
    
    See ‘Writing portable packages’ in the ‘Writing R Extensions’ manual.
Flavors: r-devel-linux-x86_64-fedora-clang, r-devel-linux-x86_64-fedora-gcc