CRAN Package Check Results for Package hierarchicalSets

Last updated on 2019-04-22 19:48:43 CEST.

Flavor Version Tinstall Tcheck Ttotal Status Flags
r-devel-linux-x86_64-debian-clang 1.0.2 32.11 81.60 113.71 NOTE
r-devel-linux-x86_64-debian-gcc 1.0.2 26.62 65.27 91.89 NOTE
r-devel-linux-x86_64-fedora-clang 1.0.2 146.67 NOTE
r-devel-linux-x86_64-fedora-gcc 1.0.2 137.36 NOTE
r-devel-windows-ix86+x86_64 1.0.2 78.00 130.00 208.00 NOTE
r-patched-linux-x86_64 1.0.2 32.49 80.03 112.52 NOTE
r-patched-solaris-x86 1.0.2 184.20 NOTE
r-release-linux-x86_64 1.0.2 29.88 77.72 107.60 NOTE
r-release-windows-ix86+x86_64 1.0.2 58.00 176.00 234.00 NOTE
r-release-osx-x86_64 1.0.2 NOTE
r-oldrel-windows-ix86+x86_64 1.0.2 81.00 188.00 269.00 NOTE
r-oldrel-osx-x86_64 1.0.2 NOTE

Check Details

Version: 1.0.2
Check: dependencies in R code
Result: NOTE
    Unexported objects imported by ':::' calls:
     'ggplot2:::build_guides' 'ggplot2:::guide_axis'
     'ggplot2:::scales_list'
     See the note in ?`:::` about the use of this operator.
Flavors: r-devel-linux-x86_64-debian-clang, r-devel-linux-x86_64-debian-gcc, r-devel-linux-x86_64-fedora-clang, r-devel-linux-x86_64-fedora-gcc, r-devel-windows-ix86+x86_64, r-patched-linux-x86_64, r-patched-solaris-x86, r-release-linux-x86_64, r-release-windows-ix86+x86_64, r-release-osx-x86_64, r-oldrel-windows-ix86+x86_64, r-oldrel-osx-x86_64

Version: 1.0.2
Check: compiled code
Result: NOTE
    File ‘hierarchicalSets/libs/hierarchicalSets.so’:
     Found no calls to: ‘R_registerRoutines’, ‘R_useDynamicSymbols’
    
    It is good practice to register native routines and to disable symbol
    search.
    
    See ‘Writing portable packages’ in the ‘Writing R Extensions’ manual.
Flavors: r-devel-linux-x86_64-fedora-clang, r-devel-linux-x86_64-fedora-gcc