Last updated on 2023-10-02 05:57:59 CEST.
Flavor | Version | Tinstall | Tcheck | Ttotal | Status | Flags |
---|---|---|---|---|---|---|
r-devel-linux-x86_64-debian-clang | 1.1.5 | 92.31 | 154.47 | 246.78 | OK | --no-vignettes |
r-devel-linux-x86_64-debian-gcc | 1.1.5 | 61.16 | 114.45 | 175.61 | OK | --no-vignettes |
r-devel-linux-x86_64-fedora-clang | 1.1.5 | 331.54 | OK | --no-vignettes | ||
r-devel-linux-x86_64-fedora-gcc | 1.1.5 | 325.66 | OK | --no-vignettes | ||
r-devel-windows-x86_64 | 1.1.5 | 61.00 | 159.00 | 220.00 | OK | --no-vignettes |
r-patched-linux-x86_64 | 1.1.5 | 96.48 | 157.83 | 254.31 | OK | --no-vignettes |
r-release-linux-x86_64 | 1.1.5 | 83.57 | 156.80 | 240.37 | OK | --no-vignettes |
r-release-macos-arm64 | 1.1.5 | 1602.00 | OK | |||
r-release-macos-x86_64 | 1.1.5 | 1803.00 | ERROR | |||
r-release-windows-x86_64 | 1.1.5 | 67.00 | 189.00 | 256.00 | OK | --no-vignettes |
r-oldrel-macos-arm64 | 1.1.5 | 1803.00 | ERROR | |||
r-oldrel-macos-x86_64 | 1.1.5 | 1261.00 | OK | |||
r-oldrel-windows-x86_64 | 1.1.5 | 90.00 | 178.00 | 268.00 | OK | --no-vignettes |
Version: 1.1.5
Check: re-building of vignette outputs
Result: ERROR
Error(s) in re-building vignettes:
...
--- re-building ‘hetGP_vignette.Rnw’ using knitr
Execution halted
* checking PDF version of manual ...* using check arguments '--no-clean-on-error '
Flavors: r-release-macos-x86_64, r-oldrel-macos-arm64