CRAN Package Check Results for Package hesim

Last updated on 2020-01-25 08:49:57 CET.

Flavor Version Tinstall Tcheck Ttotal Status Flags
r-devel-linux-x86_64-debian-clang 0.2.2 276.45 279.32 555.77 OK
r-devel-linux-x86_64-debian-gcc 0.2.2 242.00 210.84 452.84 OK
r-devel-linux-x86_64-fedora-clang 0.2.2 722.77 NOTE
r-devel-linux-x86_64-fedora-gcc 0.2.2 776.38 NOTE
r-devel-windows-ix86+x86_64 0.2.2 582.00 439.00 1021.00 NOTE
r-devel-windows-ix86+x86_64-gcc8 0.2.2 767.00 359.00 1126.00 NOTE
r-patched-linux-x86_64 0.2.2 237.78 233.71 471.49 OK
r-patched-solaris-x86 0.2.2 772.60 NOTE
r-release-linux-x86_64 0.2.2 233.07 238.98 472.05 OK
r-release-windows-ix86+x86_64 0.2.2 528.00 440.00 968.00 NOTE
r-release-osx-x86_64 0.2.2 NOTE
r-oldrel-windows-ix86+x86_64 0.2.2 520.00 294.00 814.00 ERROR
r-oldrel-osx-x86_64 0.2.2 NOTE

Check Details

Version: 0.2.2
Check: installed package size
Result: NOTE
     installed size is 26.8Mb
     sub-directories of 1Mb or more:
     doc 4.6Mb
     libs 21.3Mb
Flavors: r-devel-linux-x86_64-fedora-clang, r-devel-windows-ix86+x86_64, r-devel-windows-ix86+x86_64-gcc8, r-patched-solaris-x86, r-release-windows-ix86+x86_64, r-release-osx-x86_64, r-oldrel-osx-x86_64

Version: 0.2.2
Check: dependencies in R code
Result: NOTE
    Namespace in Imports field not imported from: ‘R6’
     All declared Imports should be used.
Flavors: r-devel-linux-x86_64-fedora-clang, r-devel-linux-x86_64-fedora-gcc, r-patched-solaris-x86, r-release-osx-x86_64, r-oldrel-osx-x86_64

Version: 0.2.2
Check: whether package can be installed
Result: ERROR
    Installation failed.
Flavor: r-oldrel-windows-ix86+x86_64