CRAN Package Check Results for Package hesim

Last updated on 2019-03-23 13:49:12 CET.

Flavor Version Tinstall Tcheck Ttotal Status Flags
r-devel-linux-x86_64-debian-clang 0.1.0 44.80 43.69 88.49 OK
r-devel-linux-x86_64-debian-gcc 0.1.0 35.41 41.47 76.88 OK
r-devel-linux-x86_64-fedora-clang 0.1.0 135.61 OK
r-devel-linux-x86_64-fedora-gcc 0.1.0 117.31 OK
r-devel-windows-ix86+x86_64 0.1.0 121.00 109.00 230.00 OK
r-patched-linux-x86_64 0.1.0 41.87 47.91 89.78 OK
r-patched-solaris-x86 0.1.0 123.70 OK
r-release-linux-x86_64 0.1.0 0.33 2.19 2.52 ERROR
r-release-windows-ix86+x86_64 0.1.0 82.00 87.00 169.00 OK
r-release-osx-x86_64 0.1.0 OK
r-oldrel-windows-ix86+x86_64 0.1.0 107.00 125.00 232.00 OK
r-oldrel-osx-x86_64 0.1.0 OK

Check Details

Version: 0.1.0
Check: whether package can be installed
Result: ERROR
    Installation failed.
Flavor: r-release-linux-x86_64