CRAN Package Check Results for Package hesim

Last updated on 2020-08-12 22:48:20 CEST.

Flavor Version Tinstall Tcheck Ttotal Status Flags
r-devel-linux-x86_64-debian-clang 0.3.1 0.74 2.45 3.19 ERROR
r-devel-linux-x86_64-debian-gcc 0.3.1 265.46 246.05 511.51 OK
r-devel-linux-x86_64-fedora-clang 0.3.1 844.82 NOTE
r-devel-linux-x86_64-fedora-gcc 0.3.1 825.63 NOTE
r-devel-windows-ix86+x86_64 0.3.1 614.00 522.00 1136.00 NOTE
r-patched-linux-x86_64 0.3.1 285.09 307.03 592.12 OK
r-patched-solaris-x86 0.3.1 869.00 NOTE
r-release-linux-x86_64 0.3.1 0.71 2.67 3.38 ERROR
r-release-macos-x86_64 0.3.1 NOTE
r-release-windows-ix86+x86_64 0.3.1 781.00 529.00 1310.00 NOTE
r-oldrel-macos-x86_64 0.3.1 NOTE
r-oldrel-windows-ix86+x86_64 0.3.1 560.00 431.00 991.00 NOTE

Check Details

Version: 0.3.1
Check: package dependencies
Result: ERROR
    Package required but not available: 'flexsurv'
    
    See section 'The DESCRIPTION file' in the 'Writing R Extensions'
    manual.
Flavors: r-devel-linux-x86_64-debian-clang, r-release-linux-x86_64

Version: 0.3.1
Check: installed package size
Result: NOTE
     installed size is 26.9Mb
     sub-directories of 1Mb or more:
     doc 1.8Mb
     libs 23.7Mb
Flavors: r-devel-linux-x86_64-fedora-clang, r-devel-windows-ix86+x86_64, r-patched-solaris-x86, r-release-macos-x86_64, r-release-windows-ix86+x86_64, r-oldrel-macos-x86_64, r-oldrel-windows-ix86+x86_64

Version: 0.3.1
Check: dependencies in R code
Result: NOTE
    Namespace in Imports field not imported from: ‘R6’
     All declared Imports should be used.
Flavors: r-devel-linux-x86_64-fedora-clang, r-devel-linux-x86_64-fedora-gcc, r-patched-solaris-x86, r-release-macos-x86_64, r-oldrel-macos-x86_64