CRAN Package Check Results for Package here

Last updated on 2021-06-20 11:51:19 CEST.

Flavor Version Tinstall Tcheck Ttotal Status Flags
r-devel-linux-x86_64-debian-clang 1.0.1 2.09 30.08 32.17 NOTE
r-devel-linux-x86_64-debian-gcc 1.0.1 1.64 23.13 24.77 NOTE
r-devel-linux-x86_64-fedora-clang 1.0.1 48.26 NOTE
r-devel-linux-x86_64-fedora-gcc 1.0.1 37.00 NOTE
r-devel-windows-x86_64 1.0.1 4.00 47.00 51.00 NOTE
r-devel-windows-x86_64-gcc10-UCRT 1.0.1 NOTE
r-patched-linux-x86_64 1.0.1 2.14 29.85 31.99 NOTE
r-patched-solaris-x86 1.0.1 56.70 NOTE
r-release-linux-x86_64 1.0.1 2.01 29.10 31.11 NOTE
r-release-macos-arm64 1.0.1 NOTE
r-release-macos-x86_64 1.0.1 NOTE
r-release-windows-ix86+x86_64 1.0.1 5.00 48.00 53.00 NOTE
r-oldrel-macos-x86_64 1.0.1 OK
r-oldrel-windows-ix86+x86_64 1.0.1 4.00 49.00 53.00 OK

Check Details

Version: 1.0.1
Check: LazyData
Result: NOTE
     'LazyData' is specified without a 'data' directory
Flavors: r-devel-linux-x86_64-debian-clang, r-devel-linux-x86_64-debian-gcc, r-devel-linux-x86_64-fedora-clang, r-devel-linux-x86_64-fedora-gcc, r-devel-windows-x86_64, r-devel-windows-x86_64-gcc10-UCRT, r-patched-linux-x86_64, r-patched-solaris-x86, r-release-linux-x86_64, r-release-macos-arm64, r-release-macos-x86_64, r-release-windows-ix86+x86_64

Version: 1.0.1
Check: package dependencies
Result: NOTE
    Package suggested but not available for checking: 'covr'
Flavor: r-devel-windows-x86_64-gcc10-UCRT