Last updated on 2023-11-30 23:55:42 CET.
Flavor | Version | Tinstall | Tcheck | Ttotal | Status | Flags |
---|---|---|---|---|---|---|
r-devel-linux-x86_64-debian-clang | 1.0.1 | 2.15 | 33.62 | 35.77 | NOTE | |
r-devel-linux-x86_64-debian-gcc | 1.0.1 | 1.62 | 25.90 | 27.52 | NOTE | |
r-devel-linux-x86_64-fedora-clang | 1.0.1 | 43.62 | NOTE | |||
r-devel-linux-x86_64-fedora-gcc | 1.0.1 | 52.59 | NOTE | |||
r-devel-windows-x86_64 | 1.0.1 | 3.00 | 49.00 | 52.00 | NOTE | |
r-patched-linux-x86_64 | 1.0.1 | 2.35 | 31.64 | 33.99 | NOTE | |
r-release-linux-x86_64 | 1.0.1 | 2.02 | 32.88 | 34.90 | NOTE | |
r-release-macos-arm64 | 1.0.1 | 26.00 | NOTE | |||
r-release-macos-x86_64 | 1.0.1 | 37.00 | NOTE | |||
r-release-windows-x86_64 | 1.0.1 | 3.00 | 50.00 | 53.00 | NOTE | |
r-oldrel-macos-arm64 | 1.0.1 | 24.00 | NOTE | |||
r-oldrel-macos-x86_64 | 1.0.1 | 28.00 | NOTE | |||
r-oldrel-windows-x86_64 | 1.0.1 | 4.00 | 56.00 | 60.00 | NOTE |
Version: 1.0.1
Check: LazyData
Result: NOTE
'LazyData' is specified without a 'data' directory
Flavors: r-devel-linux-x86_64-debian-clang, r-devel-linux-x86_64-debian-gcc, r-devel-linux-x86_64-fedora-clang, r-devel-linux-x86_64-fedora-gcc, r-devel-windows-x86_64, r-patched-linux-x86_64, r-release-linux-x86_64, r-release-macos-arm64, r-release-macos-x86_64, r-release-windows-x86_64, r-oldrel-macos-arm64, r-oldrel-macos-x86_64, r-oldrel-windows-x86_64