CRAN Package Check Results for Package here

Last updated on 2023-06-05 21:59:08 CEST.

Flavor Version Tinstall Tcheck Ttotal Status Flags
r-devel-linux-x86_64-debian-clang 1.0.1 2.00 31.85 33.85 NOTE
r-devel-linux-x86_64-debian-gcc 1.0.1 1.49 25.58 27.07 NOTE
r-devel-linux-x86_64-fedora-clang 1.0.1 43.49 NOTE
r-devel-linux-x86_64-fedora-gcc 1.0.1 51.73 NOTE
r-devel-windows-x86_64 1.0.1 11.00 49.00 60.00 NOTE
r-patched-linux-x86_64 1.0.1 1.98 31.31 33.29 NOTE
r-release-linux-x86_64 1.0.1 1.88 30.99 32.87 NOTE
r-release-macos-arm64 1.0.1 26.00 NOTE
r-release-macos-x86_64 1.0.1 37.00 NOTE
r-release-windows-x86_64 1.0.1 5.00 51.00 56.00 NOTE
r-oldrel-macos-arm64 1.0.1 24.00 NOTE
r-oldrel-macos-x86_64 1.0.1 28.00 NOTE
r-oldrel-windows-x86_64 1.0.1 4.00 53.00 57.00 NOTE

Check Details

Version: 1.0.1
Check: LazyData
Result: NOTE
     'LazyData' is specified without a 'data' directory
Flavors: r-devel-linux-x86_64-debian-clang, r-devel-linux-x86_64-debian-gcc, r-devel-linux-x86_64-fedora-clang, r-devel-linux-x86_64-fedora-gcc, r-devel-windows-x86_64, r-patched-linux-x86_64, r-release-linux-x86_64, r-release-macos-arm64, r-release-macos-x86_64, r-release-windows-x86_64, r-oldrel-macos-arm64, r-oldrel-macos-x86_64, r-oldrel-windows-x86_64