Last updated on 2023-02-07 11:52:10 CET.
Flavor | Version | Tinstall | Tcheck | Ttotal | Status | Flags |
---|---|---|---|---|---|---|
r-devel-linux-x86_64-debian-clang | 1.0.1 | 1.65 | 34.03 | 35.68 | NOTE | |
r-devel-linux-x86_64-debian-gcc | 1.0.1 | 1.33 | 25.08 | 26.41 | NOTE | |
r-devel-linux-x86_64-fedora-clang | 1.0.1 | 44.79 | NOTE | |||
r-devel-linux-x86_64-fedora-gcc | 1.0.1 | 53.54 | NOTE | |||
r-devel-windows-x86_64 | 1.0.1 | 17.00 | 66.00 | 83.00 | NOTE | |
r-patched-linux-x86_64 | 1.0.1 | 2.08 | 32.52 | 34.60 | NOTE | |
r-release-linux-x86_64 | 1.0.1 | 1.89 | 32.67 | 34.56 | NOTE | |
r-release-macos-arm64 | 1.0.1 | 25.00 | NOTE | |||
r-release-macos-x86_64 | 1.0.1 | 28.00 | NOTE | |||
r-release-windows-x86_64 | 1.0.1 | 22.00 | 72.00 | 94.00 | NOTE | |
r-oldrel-macos-arm64 | 1.0.1 | 24.00 | NOTE | |||
r-oldrel-macos-x86_64 | 1.0.1 | 35.00 | NOTE | |||
r-oldrel-windows-ix86+x86_64 | 1.0.1 | 7.00 | 61.00 | 68.00 | NOTE |
Version: 1.0.1
Check: LazyData
Result: NOTE
'LazyData' is specified without a 'data' directory
Flavors: r-devel-linux-x86_64-debian-clang, r-devel-linux-x86_64-debian-gcc, r-devel-linux-x86_64-fedora-clang, r-devel-linux-x86_64-fedora-gcc, r-devel-windows-x86_64, r-patched-linux-x86_64, r-release-linux-x86_64, r-release-macos-arm64, r-release-macos-x86_64, r-release-windows-x86_64, r-oldrel-macos-arm64, r-oldrel-macos-x86_64, r-oldrel-windows-ix86+x86_64