CRAN Package Check Results for Package here

Last updated on 2022-10-05 21:53:35 CEST.

Flavor Version Tinstall Tcheck Ttotal Status Flags
r-devel-linux-x86_64-debian-clang 1.0.1 2.02 31.60 33.62 NOTE
r-devel-linux-x86_64-debian-gcc 1.0.1 1.35 24.73 26.08 NOTE
r-devel-linux-x86_64-fedora-clang 1.0.1 52.99 NOTE
r-devel-linux-x86_64-fedora-gcc 1.0.1 59.14 NOTE
r-devel-windows-x86_64 1.0.1 26.00 64.00 90.00 NOTE
r-patched-linux-x86_64 1.0.1 1.99 31.14 33.13 NOTE
r-release-linux-x86_64 1.0.1 1.70 30.09 31.79 NOTE
r-release-macos-arm64 1.0.1 25.00 NOTE
r-release-macos-x86_64 1.0.1 28.00 NOTE
r-release-windows-x86_64 1.0.1 23.00 65.00 88.00 NOTE
r-oldrel-macos-arm64 1.0.1 24.00 NOTE
r-oldrel-macos-x86_64 1.0.1 35.00 NOTE
r-oldrel-windows-ix86+x86_64 1.0.1 6.00 59.00 65.00 NOTE

Check Details

Version: 1.0.1
Check: LazyData
Result: NOTE
     'LazyData' is specified without a 'data' directory
Flavors: r-devel-linux-x86_64-debian-clang, r-devel-linux-x86_64-debian-gcc, r-devel-linux-x86_64-fedora-clang, r-devel-linux-x86_64-fedora-gcc, r-devel-windows-x86_64, r-patched-linux-x86_64, r-release-linux-x86_64, r-release-macos-arm64, r-release-macos-x86_64, r-release-windows-x86_64, r-oldrel-macos-arm64, r-oldrel-macos-x86_64, r-oldrel-windows-ix86+x86_64