Last updated on 2023-10-04 14:03:50 CEST.
Flavor | Version | Tinstall | Tcheck | Ttotal | Status | Flags |
---|---|---|---|---|---|---|
r-devel-linux-x86_64-debian-clang | 0.4.6 | 33.51 | 296.67 | 330.18 | NOTE | |
r-devel-linux-x86_64-debian-gcc | 0.4.6 | 27.25 | 196.42 | 223.67 | NOTE | |
r-devel-linux-x86_64-fedora-clang | 0.4.6 | 358.86 | NOTE | |||
r-devel-linux-x86_64-fedora-gcc | 0.4.6 | 334.18 | NOTE | |||
r-devel-windows-x86_64 | 0.4.6 | 31.00 | 226.00 | 257.00 | NOTE | |
r-patched-linux-x86_64 | 0.4.6 | 45.07 | 242.73 | 287.80 | NOTE | |
r-release-linux-x86_64 | 0.4.6 | 38.66 | 242.65 | 281.31 | NOTE | |
r-release-macos-arm64 | 0.4.6 | 101.00 | NOTE | |||
r-release-macos-x86_64 | 0.4.6 | 160.00 | NOTE | |||
r-release-windows-x86_64 | 0.4.6 | 41.00 | 246.00 | 287.00 | NOTE | |
r-oldrel-macos-arm64 | 0.4.6 | 82.00 | OK | |||
r-oldrel-macos-x86_64 | 0.4.6 | 160.00 | OK | |||
r-oldrel-windows-x86_64 | 0.4.6 | 41.00 | 231.00 | 272.00 | OK |
Version: 0.4.6
Check: C++ specification
Result: NOTE
Specified C++11: please drop specification unless essential
Flavors: r-devel-linux-x86_64-debian-clang, r-devel-linux-x86_64-debian-gcc, r-devel-linux-x86_64-fedora-clang, r-devel-linux-x86_64-fedora-gcc, r-devel-windows-x86_64, r-patched-linux-x86_64, r-release-linux-x86_64, r-release-macos-arm64, r-release-macos-x86_64, r-release-windows-x86_64