CRAN Package Check Results for Package heatmaply

Last updated on 2020-09-23 14:12:32 CEST.

Flavor Version Tinstall Tcheck Ttotal Status Flags
r-devel-linux-x86_64-debian-clang 1.1.1 8.94 240.54 249.48 NOTE
r-devel-linux-x86_64-debian-gcc 1.1.1 7.79 170.93 178.72 NOTE
r-devel-linux-x86_64-fedora-clang 1.1.1 288.15 NOTE
r-devel-linux-x86_64-fedora-gcc 1.1.1 305.84 NOTE
r-devel-windows-ix86+x86_64 1.1.1 19.00 271.00 290.00 NOTE
r-patched-linux-x86_64 1.1.1 9.53 227.22 236.75 NOTE
r-patched-solaris-x86 1.1.1 304.80 WARN
r-release-linux-x86_64 1.1.1 8.33 227.72 236.05 NOTE
r-release-macos-x86_64 1.1.1 WARN
r-release-windows-ix86+x86_64 1.1.1 21.00 296.00 317.00 NOTE
r-oldrel-macos-x86_64 1.1.1 WARN
r-oldrel-windows-ix86+x86_64 1.1.1 12.00 209.00 221.00 NOTE

Check Details

Version: 1.1.1
Check: Rd cross-references
Result: NOTE
    Unknown package 'd3heatmap' in Rd xrefs
Flavors: r-devel-linux-x86_64-debian-clang, r-devel-linux-x86_64-debian-gcc, r-devel-linux-x86_64-fedora-gcc, r-patched-linux-x86_64, r-patched-solaris-x86, r-release-linux-x86_64, r-release-macos-x86_64

Version: 1.1.1
Check: installed package size
Result: NOTE
     installed size is 5.4Mb
     sub-directories of 1Mb or more:
     doc 5.0Mb
Flavors: r-devel-linux-x86_64-fedora-clang, r-devel-windows-ix86+x86_64, r-patched-solaris-x86, r-release-macos-x86_64, r-release-windows-ix86+x86_64, r-oldrel-macos-x86_64, r-oldrel-windows-ix86+x86_64

Version: 1.1.1
Check: Rd cross-references
Result: NOTE
    Undeclared package ‘d3heatmap’ in Rd xrefs
    Unknown package ‘d3heatmap’ in Rd xrefs
Flavor: r-devel-linux-x86_64-fedora-clang

Version: 1.1.1
Check: re-building of vignette outputs
Result: WARN
    Error(s) in re-building vignettes:
     ...
    --- re-building ‘heatmaply.Rmd’ using rmarkdown
    Warning in engine$weave(file, quiet = quiet, encoding = enc) :
     Pandoc (>= 1.12.3) and/or pandoc-citeproc not available. Falling back to R Markdown v1.
    Loading required package: plotly
    Loading required package: ggplot2
    
    Attaching package: 'plotly'
    
    The following object is masked from 'package:ggplot2':
    
     last_plot
    
    The following object is masked from 'package:stats':
    
     filter
    
    The following object is masked from 'package:graphics':
    
     layout
    
    Loading required package: viridis
    Loading required package: viridisLite
    
    ======================
    Welcome to heatmaply version 1.1.1
    
    Type citation('heatmaply') for how to cite the package.
    Type ?heatmaply for the main documentation.
    
    The github page is: https://github.com/talgalili/heatmaply/
    Please submit your suggestions and bug-reports at: https://github.com/talgalili/heatmaply/issues
    Or contact: <tal.galili@gmail.com>
    ======================
    
    Quitting from lines 108-110 (heatmaply.Rmd)
    Error: processing vignette 'heatmaply.Rmd' failed with diagnostics:
    cannot open the connection
    --- failed re-building ‘heatmaply.Rmd’
    
    SUMMARY: processing the following file failed:
     ‘heatmaply.Rmd’
    
    Error: Vignette re-building failed.
    Execution halted
Flavor: r-patched-solaris-x86

Version: 1.1.1
Check: re-building of vignette outputs
Result: WARN
    Error(s) in re-building vignettes:
    --- re-building ‘heatmaply.Rmd’ using rmarkdown
    Warning in engine$weave(file, quiet = quiet, encoding = enc) :
     Pandoc (>= 1.12.3) and/or pandoc-citeproc not available. Falling back to R Markdown v1.
    Loading required package: plotly
    Loading required package: ggplot2
    
    Attaching package: 'plotly'
    
    The following object is masked from 'package:ggplot2':
    
     last_plot
    
    The following object is masked from 'package:stats':
    
     filter
    
    The following object is masked from 'package:graphics':
    
     layout
    
    Loading required package: viridis
    Loading required package: viridisLite
    
    ======================
    Welcome to heatmaply version 1.1.1
    
    Type citation('heatmaply') for how to cite the package.
    Type ?heatmaply for the main documentation.
    
    The github page is: https://github.com/talgalili/heatmaply/
    Please submit your suggestions and bug-reports at: https://github.com/talgalili/heatmaply/issues
    Or contact: <tal.galili@gmail.com>
    ======================
    
    Quitting from lines 108-110 (heatmaply.Rmd)
    Error: processing vignette 'heatmaply.Rmd' failed with diagnostics:
    cannot open the connection
    --- failed re-building ‘heatmaply.Rmd’
    
    SUMMARY: processing the following file failed:
     ‘heatmaply.Rmd’
    
    Error: Vignette re-building failed.
    Execution halted
Flavor: r-release-macos-x86_64

Version: 1.1.1
Check: re-building of vignette outputs
Result: WARN
    Error(s) in re-building vignettes:
    --- re-building ‘heatmaply.Rmd’ using rmarkdown
    Warning in engine$weave(file, quiet = quiet, encoding = enc) :
     Pandoc (>= 1.12.3) and/or pandoc-citeproc not available. Falling back to R Markdown v1.
    Loading required package: plotly
    Loading required package: ggplot2
    
    Attaching package: 'plotly'
    
    The following object is masked from 'package:ggplot2':
    
     last_plot
    
    The following object is masked from 'package:stats':
    
     filter
    
    The following object is masked from 'package:graphics':
    
     layout
    
    Loading required package: viridis
    Loading required package: viridisLite
    
    ======================
    Welcome to heatmaply version 1.1.1
    
    Type citation('heatmaply') for how to cite the package.
    Type ?heatmaply for the main documentation.
    
    The github page is: https://github.com/talgalili/heatmaply/
    Please submit your suggestions and bug-reports at: https://github.com/talgalili/heatmaply/issues
    Or contact: <tal.galili@gmail.com>
    ======================
    
    No protocol specified
    Quitting from lines 108-110 (heatmaply.Rmd)
    Error: processing vignette 'heatmaply.Rmd' failed with diagnostics:
    cannot open the connection
    --- failed re-building ‘heatmaply.Rmd’
    
    SUMMARY: processing the following file failed:
     ‘heatmaply.Rmd’
    
    Error: Vignette re-building failed.
    Execution halted
Flavor: r-oldrel-macos-x86_64