CRAN Package Check Results for Package heatex

Last updated on 2022-12-09 01:50:30 CET.

Flavor Version Tinstall Tcheck Ttotal Status Flags
r-devel-linux-x86_64-debian-clang 1.0 2.13 22.95 25.08 NOTE
r-devel-linux-x86_64-debian-gcc 1.0 1.58 18.06 19.64 NOTE
r-devel-linux-x86_64-fedora-clang 1.0 41.02 NOTE
r-devel-linux-x86_64-fedora-gcc 1.0 43.58 NOTE
r-devel-windows-x86_64 1.0 4.00 47.00 51.00 NOTE
r-patched-linux-x86_64 1.0 2.20 21.29 23.49 NOTE
r-release-linux-x86_64 1.0 1.74 22.05 23.79 NOTE
r-release-macos-arm64 1.0 17.00 NOTE
r-release-macos-x86_64 1.0 21.00 NOTE
r-release-windows-x86_64 1.0 5.00 41.00 46.00 NOTE
r-oldrel-macos-arm64 1.0 16.00 NOTE
r-oldrel-macos-x86_64 1.0 30.00 NOTE
r-oldrel-windows-ix86+x86_64 1.0 5.00 24.00 29.00 NOTE

Check Details

Version: 1.0
Check: DESCRIPTION meta-information
Result: NOTE
    Malformed Title field: should not end in a period.
Flavors: r-devel-linux-x86_64-debian-clang, r-devel-linux-x86_64-debian-gcc, r-devel-linux-x86_64-fedora-clang, r-devel-linux-x86_64-fedora-gcc, r-devel-windows-x86_64, r-patched-linux-x86_64, r-release-linux-x86_64, r-release-macos-arm64, r-release-macos-x86_64, r-release-windows-x86_64, r-oldrel-macos-arm64, r-oldrel-macos-x86_64, r-oldrel-windows-ix86+x86_64