CRAN Package Check Results for Package hdnom

Last updated on 2020-07-04 20:47:20 CEST.

Flavor Version Tinstall Tcheck Ttotal Status Flags
r-devel-linux-x86_64-debian-clang 6.0.0 16.03 180.14 196.17 OK
r-devel-linux-x86_64-debian-gcc 6.0.0 14.04 133.97 148.01 OK
r-devel-linux-x86_64-fedora-clang 6.0.0 239.98 OK
r-devel-linux-x86_64-fedora-gcc 6.0.0 239.37 OK
r-devel-windows-ix86+x86_64 6.0.0 44.00 264.00 308.00 OK
r-patched-linux-x86_64 6.0.0 15.81 174.08 189.89 OK
r-patched-solaris-x86 6.0.0 249.10 ERROR
r-release-linux-x86_64 6.0.0 15.50 177.61 193.11 OK
r-release-osx-x86_64 6.0.0 OK
r-release-windows-ix86+x86_64 6.0.0 32.00 193.00 225.00 OK
r-oldrel-osx-x86_64 6.0.0 OK
r-oldrel-windows-ix86+x86_64 6.0.0 34.00 257.00 291.00 OK

Check Details

Version: 6.0.0
Check: examples
Result: ERROR
    Running examples in ‘hdnom-Ex.R’ failed
    The error most likely occurred in:
    
    > ### Name: calibrate
    > ### Title: Calibrate high-dimensional Cox models
    > ### Aliases: calibrate
    >
    > ### ** Examples
    >
    > data("smart")
    > x <- as.matrix(smart[, -c(1, 2)])
    > time <- smart$TEVENT
    > event <- smart$EVENT
    > y <- survival::Surv(time, event)
    >
    > # Fit Cox model with lasso penalty
    > fit <- fit_lasso(x, y, nfolds = 5, rule = "lambda.1se", seed = 11)
    Warning: from glmnet Fortran code (error code -30000); Numerical error at 0th lambda value; solutions for larger values of lambda returned
    Warning in getcoef(fit, nvars, nx, vnames) :
     an empty model has been returned; probably a convergence issue
    Warning: from glmnet Fortran code (error code -30000); Numerical error at 0th lambda value; solutions for larger values of lambda returned
    Warning in getcoef(fit, nvars, nx, vnames) :
     an empty model has been returned; probably a convergence issue
    Warning: from glmnet Fortran code (error code -30000); Numerical error at 0th lambda value; solutions for larger values of lambda returned
    Warning in getcoef(fit, nvars, nx, vnames) :
     an empty model has been returned; probably a convergence issue
    Warning: from glmnet Fortran code (error code -30000); Numerical error at 0th lambda value; solutions for larger values of lambda returned
    Warning in getcoef(fit, nvars, nx, vnames) :
     an empty model has been returned; probably a convergence issue
    Warning: from glmnet Fortran code (error code -30000); Numerical error at 0th lambda value; solutions for larger values of lambda returned
    Warning in getcoef(fit, nvars, nx, vnames) :
     an empty model has been returned; probably a convergence issue
    Warning: from glmnet Fortran code (error code -30000); Numerical error at 0th lambda value; solutions for larger values of lambda returned
    Warning in getcoef(fit, nvars, nx, vnames) :
     an empty model has been returned; probably a convergence issue
    Error in coxnet(x, is.sparse, ix, jx, y, weights, offset, alpha, nobs, :
     NA/NaN/Inf in foreign function call (arg 16)
    Calls: fit_lasso -> glmnet -> coxnet
    Execution halted
Flavor: r-patched-solaris-x86

Version: 6.0.0
Check: re-building of vignette outputs
Result: WARN
    Error(s) in re-building vignettes:
     ...
    --- re-building ‘hdnom.Rmd’ using rmarkdown
    Warning in engine$weave(file, quiet = quiet, encoding = enc) :
     Pandoc (>= 1.12.3) and/or pandoc-citeproc not available. Falling back to R Markdown v1.
    
    (process:10485): Pango-WARNING **: failed to create cairo scaled font, expect ugly output. the offending font is 'Helvetica Medium 10.5'
    
    (process:10485): Pango-WARNING **: font_face status is: no error has occurred
    
    (process:10485): Pango-WARNING **: scaled_font status is: invalid matrix (not invertible)
    
    (process:10485): Pango-WARNING **: shaping failure, expect ugly output. shape-engine='BasicEngineFc', font='Helvetica Medium 10.5', text='M'
    Quitting from lines 367-379 (hdnom.Rmd)
    Error: processing vignette 'hdnom.Rmd' failed with diagnostics:
    NA/NaN/Inf in foreign function call (arg 16)
    --- failed re-building ‘hdnom.Rmd’
    
    SUMMARY: processing the following file failed:
     ‘hdnom.Rmd’
    
    Error: Vignette re-building failed.
    Execution halted
Flavor: r-patched-solaris-x86