CRAN Package Check Results for Package hdnom

Last updated on 2019-01-21 10:46:45 CET.

Flavor Version Tinstall Tcheck Ttotal Status Flags
r-devel-linux-x86_64-debian-clang 5.0 10.38 183.00 193.38 OK
r-devel-linux-x86_64-debian-gcc 5.0 8.40 141.08 149.48 OK
r-devel-linux-x86_64-fedora-clang 5.0 245.56 OK
r-devel-linux-x86_64-fedora-gcc 5.0 227.44 OK
r-devel-windows-ix86+x86_64 5.0 29.00 254.00 283.00 OK
r-patched-linux-x86_64 5.0 10.50 175.69 186.19 OK
r-patched-solaris-x86 5.0 390.30 OK
r-release-linux-x86_64 5.0 7.60 174.93 182.53 OK
r-release-windows-ix86+x86_64 5.0 30.00 270.00 300.00 OK
r-release-osx-x86_64 5.0 OK
r-oldrel-windows-ix86+x86_64 5.0 26.00 291.00 317.00 WARN
r-oldrel-osx-x86_64 5.0 OK

Check Details

Version: 5.0
Check: whether package can be installed
Result: WARN
    Found the following significant warnings:
     Warning: S3 methods '[.fun_list', '[.grouped_df', 'all.equal.tbl_df', 'anti_join.data.frame', 'anti_join.tbl_df', 'arrange.data.frame', 'arrange.default', 'arrange.grouped_df', 'arrange.tbl_df', 'arrange_.data.frame', 'arrange_.tbl_df', 'as.data.frame.grouped_df', 'as.data.frame.rowwise_df', 'as.data.frame.tbl_cube', 'as.table.tbl_cube', 'as.tbl.data.frame', 'as.tbl.tbl', 'as.tbl_cube.array', 'as.tbl_cube.data.frame', 'as.tbl_cube.matrix', 'as.tbl_cube.table', 'as_tibble.grouped_df', 'as_tibble.tbl_cube', 'auto_copy.tbl_cube', 'auto_copy.tbl_df', 'cbind.grouped_df', 'collapse.data.frame', 'collect.data.frame', 'common_by.NULL', 'common_by.character', 'common_by.default', 'common_by.list', 'compute.data.frame', 'copy_to.DBIConnection', 'copy_to.src_local', 'default_missing.data.frame', 'default_missing.default', 'dim.tbl_cube', 'distinct.data.frame', 'distinct.default', 'distinct.grouped_df', 'distinct.tbl_df', 'distinct_.data.frame', 'distinct_.grouped_df', 'distinct_.tbl_df', 'do.NULL', 'do.da [... truncated]
Flavor: r-oldrel-windows-ix86+x86_64