Last updated on 2023-02-03 00:51:03 CET.
Flavor | Version | Tinstall | Tcheck | Ttotal | Status | Flags |
---|---|---|---|---|---|---|
r-devel-linux-x86_64-debian-clang | 1.3.8 | 68.19 | 136.54 | 204.73 | OK | |
r-devel-linux-x86_64-debian-gcc | 1.3.8 | 49.74 | 99.63 | 149.37 | OK | |
r-devel-linux-x86_64-fedora-clang | 1.3.8 | 246.34 | OK | |||
r-devel-linux-x86_64-fedora-gcc | 1.3.8 | 269.59 | OK | |||
r-devel-windows-x86_64 | 1.3.8 | 205.00 | 211.00 | 416.00 | NOTE | |
r-patched-linux-x86_64 | 1.3.8 | 58.18 | 120.72 | 178.90 | OK | |
r-release-linux-x86_64 | 1.3.8 | 58.52 | 122.51 | 181.03 | OK | |
r-release-macos-arm64 | 1.3.8 | 71.00 | NOTE | |||
r-release-macos-x86_64 | 1.3.8 | 96.00 | NOTE | |||
r-release-windows-x86_64 | 1.3.8 | 158.00 | 188.00 | 346.00 | NOTE | |
r-oldrel-macos-arm64 | 1.3.8 | 70.00 | NOTE | |||
r-oldrel-macos-x86_64 | 1.3.8 | 97.00 | NOTE | |||
r-oldrel-windows-ix86+x86_64 | 1.3.8 | 104.00 | 227.00 | 331.00 | NOTE |
Version: 1.3.8
Check: installed package size
Result: NOTE
installed size is 5.7Mb
sub-directories of 1Mb or more:
libs 3.2Mb
Flavors: r-devel-windows-x86_64, r-release-macos-arm64, r-release-macos-x86_64, r-release-windows-x86_64, r-oldrel-macos-arm64, r-oldrel-macos-x86_64, r-oldrel-windows-ix86+x86_64