Last updated on 2023-06-05 21:59:08 CEST.
Flavor | Version | Tinstall | Tcheck | Ttotal | Status | Flags |
---|---|---|---|---|---|---|
r-devel-linux-x86_64-debian-clang | 1.3.8 | 64.14 | 133.44 | 197.58 | OK | |
r-devel-linux-x86_64-debian-gcc | 1.3.8 | 52.39 | 104.67 | 157.06 | OK | |
r-devel-linux-x86_64-fedora-clang | 1.3.8 | 251.82 | OK | |||
r-devel-linux-x86_64-fedora-gcc | 1.3.8 | 276.32 | OK | |||
r-devel-windows-x86_64 | 1.3.8 | 55.00 | 142.00 | 197.00 | NOTE | |
r-patched-linux-x86_64 | 1.3.8 | 60.71 | 128.54 | 189.25 | OK | |
r-release-linux-x86_64 | 1.3.8 | 54.33 | 132.83 | 187.16 | OK | |
r-release-macos-arm64 | 1.3.8 | 98.00 | NOTE | |||
r-release-macos-x86_64 | 1.3.8 | 141.00 | NOTE | |||
r-release-windows-x86_64 | 1.3.8 | 67.00 | 176.00 | 243.00 | NOTE | |
r-oldrel-macos-arm64 | 1.3.8 | 83.00 | NOTE | |||
r-oldrel-macos-x86_64 | 1.3.8 | 96.00 | NOTE | |||
r-oldrel-windows-x86_64 | 1.3.8 | 59.00 | 145.00 | 204.00 | NOTE |
Version: 1.3.8
Check: installed package size
Result: NOTE
installed size is 5.7Mb
sub-directories of 1Mb or more:
libs 3.2Mb
Flavors: r-devel-windows-x86_64, r-release-macos-arm64, r-release-macos-x86_64, r-release-windows-x86_64, r-oldrel-macos-arm64, r-oldrel-macos-x86_64, r-oldrel-windows-x86_64