CRAN Package Check Results for Package hdbinseg

Last updated on 2022-12-09 01:50:30 CET.

Flavor Version Tinstall Tcheck Ttotal Status Flags
r-devel-linux-x86_64-debian-clang 1.0.1 27.35 43.16 70.51 NOTE
r-devel-linux-x86_64-debian-gcc 1.0.1 20.19 36.83 57.02 NOTE
r-devel-linux-x86_64-fedora-clang 1.0.1 108.43 NOTE
r-devel-linux-x86_64-fedora-gcc 1.0.1 99.94 NOTE
r-devel-windows-x86_64 1.0.1 34.00 101.00 135.00 NOTE
r-patched-linux-x86_64 1.0.1 25.53 40.22 65.75 NOTE
r-release-linux-x86_64 1.0.1 23.95 40.99 64.94 NOTE
r-release-macos-arm64 1.0.1 31.00 NOTE
r-release-macos-x86_64 1.0.1 37.00 NOTE
r-release-windows-x86_64 1.0.1 39.00 90.00 129.00 NOTE
r-oldrel-macos-arm64 1.0.1 37.00 NOTE
r-oldrel-macos-x86_64 1.0.1 49.00 NOTE
r-oldrel-windows-ix86+x86_64 1.0.1 70.00 99.00 169.00 NOTE

Check Details

Version: 1.0.1
Check: LazyData
Result: NOTE
     'LazyData' is specified without a 'data' directory
Flavors: r-devel-linux-x86_64-debian-clang, r-devel-linux-x86_64-debian-gcc, r-devel-linux-x86_64-fedora-clang, r-devel-linux-x86_64-fedora-gcc, r-devel-windows-x86_64, r-patched-linux-x86_64, r-release-linux-x86_64, r-release-macos-arm64, r-release-macos-x86_64, r-release-windows-x86_64, r-oldrel-macos-arm64, r-oldrel-macos-x86_64, r-oldrel-windows-ix86+x86_64