CRAN Package Check Results for Package hdbinseg

Last updated on 2021-12-03 03:55:32 CET.

Flavor Version Tinstall Tcheck Ttotal Status Flags
r-devel-linux-x86_64-debian-clang 1.0.1 26.98 38.53 65.51 NOTE
r-devel-linux-x86_64-debian-gcc 1.0.1 20.65 29.62 50.27 NOTE
r-devel-linux-x86_64-fedora-clang 1.0.1 99.03 NOTE
r-devel-linux-x86_64-fedora-gcc 1.0.1 85.39 NOTE
r-devel-windows-x86_64-new-UL 1.0.1 40.00 95.00 135.00 NOTE
r-devel-windows-x86_64-new-TK 1.0.1 NOTE
r-devel-windows-x86_64-old 1.0.1 36.00 54.00 90.00 NOTE
r-patched-linux-x86_64 1.0.1 26.93 37.55 64.48 NOTE
r-patched-solaris-x86 1.0.1 97.80 NOTE
r-release-linux-x86_64 1.0.1 24.46 37.09 61.55 NOTE
r-release-macos-arm64 1.0.1 NOTE
r-release-macos-x86_64 1.0.1 NOTE
r-release-windows-ix86+x86_64 1.0.1 69.00 95.00 164.00 NOTE
r-oldrel-macos-x86_64 1.0.1 OK
r-oldrel-windows-ix86+x86_64 1.0.1 67.00 90.00 157.00 OK

Check Details

Version: 1.0.1
Check: LazyData
Result: NOTE
     'LazyData' is specified without a 'data' directory
Flavors: r-devel-linux-x86_64-debian-clang, r-devel-linux-x86_64-debian-gcc, r-devel-linux-x86_64-fedora-clang, r-devel-linux-x86_64-fedora-gcc, r-devel-windows-x86_64-new-UL, r-devel-windows-x86_64-new-TK, r-devel-windows-x86_64-old, r-patched-linux-x86_64, r-patched-solaris-x86, r-release-linux-x86_64, r-release-macos-arm64, r-release-macos-x86_64, r-release-windows-ix86+x86_64