CRAN Package Check Results for Package hazus

Last updated on 2019-09-22 18:47:38 CEST.

Flavor Version Tinstall Tcheck Ttotal Status Flags
r-devel-linux-x86_64-debian-clang 0.1 2.56 30.44 33.00 NOTE
r-devel-linux-x86_64-debian-gcc 0.1 2.25 24.54 26.79 NOTE
r-devel-linux-x86_64-fedora-clang 0.1 41.36 NOTE
r-devel-linux-x86_64-fedora-gcc 0.1 40.18 NOTE
r-devel-windows-ix86+x86_64 0.1 13.00 47.00 60.00 NOTE
r-patched-linux-x86_64 0.1 2.08 29.79 31.87 NOTE
r-patched-solaris-x86 0.1 64.00 NOTE
r-release-linux-x86_64 0.1 2.05 30.09 32.14 NOTE
r-release-windows-ix86+x86_64 0.1 6.00 50.00 56.00 NOTE
r-release-osx-x86_64 0.1 NOTE
r-oldrel-windows-ix86+x86_64 0.1 3.00 45.00 48.00 NOTE
r-oldrel-osx-x86_64 0.1 NOTE

Check Details

Version: 0.1
Check: R code for possible problems
Result: NOTE
    extract_hazus_functions: no visible global function definition for
     'data'
    Undefined global functions or variables:
     data
    Consider adding
     importFrom("utils", "data")
    to your NAMESPACE file.
Flavors: r-devel-linux-x86_64-debian-clang, r-devel-linux-x86_64-debian-gcc, r-devel-linux-x86_64-fedora-clang, r-devel-linux-x86_64-fedora-gcc, r-devel-windows-ix86+x86_64, r-patched-linux-x86_64, r-patched-solaris-x86, r-release-linux-x86_64, r-release-windows-ix86+x86_64, r-release-osx-x86_64, r-oldrel-windows-ix86+x86_64, r-oldrel-osx-x86_64