CRAN Package Check Results for Package hazus

Last updated on 2020-07-04 18:48:51 CEST.

Flavor Version Tinstall Tcheck Ttotal Status Flags
r-devel-linux-x86_64-debian-clang 0.1 2.90 32.52 35.42 NOTE
r-devel-linux-x86_64-debian-gcc 0.1 2.11 26.10 28.21 NOTE
r-devel-linux-x86_64-fedora-clang 0.1 51.91 NOTE
r-devel-linux-x86_64-fedora-gcc 0.1 42.46 NOTE
r-devel-windows-ix86+x86_64 0.1 9.00 70.00 79.00 NOTE
r-patched-linux-x86_64 0.1 3.06 32.37 35.43 NOTE
r-patched-solaris-x86 0.1 67.30 NOTE
r-release-linux-x86_64 0.1 3.06 32.59 35.65 NOTE
r-release-osx-x86_64 0.1 NOTE
r-release-windows-ix86+x86_64 0.1 6.00 43.00 49.00 NOTE
r-oldrel-osx-x86_64 0.1 NOTE
r-oldrel-windows-ix86+x86_64 0.1 6.00 68.00 74.00 NOTE

Check Details

Version: 0.1
Check: R code for possible problems
Result: NOTE
    extract_hazus_functions: no visible global function definition for
     'data'
    Undefined global functions or variables:
     data
    Consider adding
     importFrom("utils", "data")
    to your NAMESPACE file.
Flavors: r-devel-linux-x86_64-debian-clang, r-devel-linux-x86_64-debian-gcc, r-devel-linux-x86_64-fedora-clang, r-devel-linux-x86_64-fedora-gcc, r-devel-windows-ix86+x86_64, r-patched-linux-x86_64, r-patched-solaris-x86, r-release-linux-x86_64, r-release-osx-x86_64, r-release-windows-ix86+x86_64, r-oldrel-osx-x86_64, r-oldrel-windows-ix86+x86_64