CRAN Package Check Results for Package hazus

Last updated on 2019-11-21 18:48:16 CET.

Flavor Version Tinstall Tcheck Ttotal Status Flags
r-devel-linux-x86_64-debian-clang 0.1 2.74 31.65 34.39 NOTE
r-devel-linux-x86_64-debian-gcc 0.1 2.34 25.80 28.14 NOTE
r-devel-linux-x86_64-fedora-clang 0.1 41.44 NOTE
r-devel-linux-x86_64-fedora-gcc 0.1 43.00 NOTE
r-devel-windows-ix86+x86_64 0.1 12.00 66.00 78.00 NOTE
r-devel-windows-ix86+x86_64-gcc8 0.1 8.00 51.00 59.00 NOTE
r-patched-linux-x86_64 0.1 2.28 30.76 33.04 NOTE
r-patched-solaris-x86 0.1 64.80 NOTE
r-release-linux-x86_64 0.1 2.23 30.30 32.53 NOTE
r-release-windows-ix86+x86_64 0.1 8.00 61.00 69.00 NOTE
r-release-osx-x86_64 0.1 NOTE
r-oldrel-windows-ix86+x86_64 0.1 4.00 60.00 64.00 NOTE
r-oldrel-osx-x86_64 0.1 NOTE

Check Details

Version: 0.1
Check: R code for possible problems
Result: NOTE
    extract_hazus_functions: no visible global function definition for
     'data'
    Undefined global functions or variables:
     data
    Consider adding
     importFrom("utils", "data")
    to your NAMESPACE file.
Flavors: r-devel-linux-x86_64-debian-clang, r-devel-linux-x86_64-debian-gcc, r-devel-linux-x86_64-fedora-clang, r-devel-linux-x86_64-fedora-gcc, r-devel-windows-ix86+x86_64, r-devel-windows-ix86+x86_64-gcc8, r-patched-linux-x86_64, r-patched-solaris-x86, r-release-linux-x86_64, r-release-windows-ix86+x86_64, r-release-osx-x86_64, r-oldrel-windows-ix86+x86_64, r-oldrel-osx-x86_64