CRAN Package Check Results for Package hawkes

Last updated on 2021-12-04 22:59:35 CET.

Flavor Version Tinstall Tcheck Ttotal Status Flags
r-devel-linux-x86_64-debian-clang 0.0-4 31.23 32.66 63.89 OK
r-devel-linux-x86_64-debian-gcc 0.0-4 25.71 26.58 52.29 OK
r-devel-linux-x86_64-fedora-clang 0.0-4 96.62 NOTE
r-devel-linux-x86_64-fedora-gcc 0.0-4 78.75 NOTE
r-devel-windows-x86_64-new-UL 0.0-4 48.00 83.00 131.00 OK
r-devel-windows-x86_64-new-TK 0.0-4 OK
r-devel-windows-x86_64-old 0.0-4 47.00 43.00 90.00 OK
r-patched-linux-x86_64 0.0-4 29.33 23.46 52.79 OK
r-release-linux-x86_64 0.0-4 31.32 23.44 54.76 OK
r-release-macos-arm64 0.0-4 OK
r-release-macos-x86_64 0.0-4 OK
r-release-windows-ix86+x86_64 0.0-4 91.00 74.00 165.00 OK
r-oldrel-macos-x86_64 0.0-4 OK
r-oldrel-windows-ix86+x86_64 0.0-4 89.00 67.00 156.00 OK

Check Details

Version: 0.0-4
Check: compiled code
Result: NOTE
    File ‘hawkes/libs/hawkes.so’:
     Found no calls to: ‘R_registerRoutines’, ‘R_useDynamicSymbols’
    
    It is good practice to register native routines and to disable symbol
    search.
    
    See ‘Writing portable packages’ in the ‘Writing R Extensions’ manual.
Flavors: r-devel-linux-x86_64-fedora-clang, r-devel-linux-x86_64-fedora-gcc