Last updated on 2022-06-30 09:52:43 CEST.
Flavor | Version | Tinstall | Tcheck | Ttotal | Status | Flags |
---|---|---|---|---|---|---|
r-devel-linux-x86_64-debian-clang | 2.5.0 | 34.42 | 70.46 | 104.88 | NOTE | |
r-devel-linux-x86_64-debian-gcc | 2.5.0 | 28.50 | 52.88 | 81.38 | NOTE | |
r-devel-linux-x86_64-fedora-clang | 2.5.0 | 141.74 | NOTE | |||
r-devel-linux-x86_64-fedora-gcc | 2.5.0 | 138.82 | NOTE | |||
r-devel-windows-x86_64 | 2.5.0 | 110.00 | 131.00 | 241.00 | NOTE | |
r-patched-linux-x86_64 | 2.5.0 | 29.12 | 65.64 | 94.76 | NOTE | |
r-release-linux-x86_64 | 2.5.0 | 26.46 | 66.13 | 92.59 | NOTE | |
r-release-macos-arm64 | 2.5.0 | 43.00 | NOTE | |||
r-release-macos-x86_64 | 2.5.0 | 65.00 | NOTE | |||
r-release-windows-x86_64 | 2.5.0 | 123.00 | 120.00 | 243.00 | NOTE | |
r-oldrel-macos-arm64 | 2.5.0 | 37.00 | NOTE | |||
r-oldrel-macos-x86_64 | 2.5.0 | 62.00 | NOTE | |||
r-oldrel-windows-ix86+x86_64 | 2.5.0 | 116.00 | 140.00 | 256.00 | NOTE |
Version: 2.5.0
Check: for GNU extensions in Makefiles
Result: NOTE
GNU make is a SystemRequirements.
Flavors: r-devel-linux-x86_64-debian-clang, r-devel-linux-x86_64-debian-gcc, r-devel-linux-x86_64-fedora-clang, r-devel-linux-x86_64-fedora-gcc, r-devel-windows-x86_64, r-patched-linux-x86_64, r-release-linux-x86_64, r-release-macos-arm64, r-release-macos-x86_64, r-release-windows-x86_64, r-oldrel-macos-arm64, r-oldrel-macos-x86_64, r-oldrel-windows-ix86+x86_64
Version: 2.5.0
Check: Rd cross-references
Result: NOTE
Undeclared package ‘dplyr’ in Rd xrefs
Flavor: r-devel-linux-x86_64-fedora-clang