CRAN Package Check Results for Package haven

Last updated on 2024-02-29 14:54:08 CET.

Flavor Version Tinstall Tcheck Ttotal Status Flags
r-devel-linux-x86_64-debian-clang 2.5.4 35.65 70.78 106.43 NOTE
r-devel-linux-x86_64-debian-gcc 2.5.4 34.77 53.18 87.95 NOTE
r-devel-linux-x86_64-fedora-clang 2.5.4 136.01 NOTE
r-devel-linux-x86_64-fedora-gcc 2.5.4 164.31 NOTE
r-devel-windows-x86_64 2.5.4 54.00 94.00 148.00 NOTE
r-patched-linux-x86_64 2.5.4 43.40 68.71 112.11 NOTE
r-release-linux-x86_64 2.5.4 29.16 69.36 98.52 NOTE
r-release-macos-arm64 2.5.4 56.00 NOTE
r-release-macos-x86_64 2.5.4 100.00 NOTE
r-release-windows-x86_64 2.5.4 72.00 114.00 186.00 NOTE
r-oldrel-macos-arm64 2.5.4 47.00 NOTE
r-oldrel-windows-x86_64 2.5.4 53.00 106.00 159.00 NOTE

Check Details

Version: 2.5.4
Check: for GNU extensions in Makefiles
Result: NOTE GNU make is a SystemRequirements. Flavors: r-devel-linux-x86_64-debian-clang, r-devel-linux-x86_64-debian-gcc, r-devel-linux-x86_64-fedora-clang, r-devel-linux-x86_64-fedora-gcc, r-devel-windows-x86_64, r-patched-linux-x86_64, r-release-linux-x86_64, r-release-macos-arm64, r-release-macos-x86_64, r-release-windows-x86_64, r-oldrel-macos-arm64, r-oldrel-windows-x86_64

Version: 2.5.4
Check: Rd cross-references
Result: NOTE Undeclared package ‘dplyr’ in Rd xrefs Flavor: r-devel-linux-x86_64-fedora-clang