CRAN Package Check Results for Package hash

Last updated on 2019-05-22 13:47:20 CEST.

Flavor Version Tinstall Tcheck Ttotal Status Flags
r-devel-linux-x86_64-debian-clang 2.2.6.1 2.43 24.31 26.74 NOTE
r-devel-linux-x86_64-debian-gcc 2.2.6.1 1.96 20.17 22.13 NOTE
r-devel-linux-x86_64-fedora-clang 2.2.6.1 32.57 NOTE
r-devel-linux-x86_64-fedora-gcc 2.2.6.1 32.20 NOTE
r-devel-windows-ix86+x86_64 2.2.6.1 5.00 53.00 58.00 NOTE
r-patched-linux-x86_64 2.2.6.1 2.35 24.37 26.72 NOTE
r-patched-solaris-x86 2.2.6.1 52.40 NOTE
r-release-linux-x86_64 2.2.6.1 2.31 24.50 26.81 NOTE
r-release-windows-ix86+x86_64 2.2.6.1 8.00 40.00 48.00 NOTE
r-release-osx-x86_64 2.2.6.1 NOTE
r-oldrel-windows-ix86+x86_64 2.2.6.1 3.00 38.00 41.00 NOTE
r-oldrel-osx-x86_64 2.2.6.1 NOTE

Check Details

Version: 2.2.6.1
Check: top-level files
Result: NOTE
    File
     LICENSE
    is not mentioned in the DESCRIPTION file.
    Non-standard file/directory found at top level:
     'dev'
Flavors: r-devel-linux-x86_64-debian-clang, r-devel-linux-x86_64-debian-gcc, r-devel-linux-x86_64-fedora-clang, r-devel-linux-x86_64-fedora-gcc, r-patched-linux-x86_64, r-release-linux-x86_64

Version: 2.2.6.1
Check: top-level files
Result: NOTE
    File
     LICENSE
    is not mentioned in the DESCRIPTION file.
Flavors: r-devel-windows-ix86+x86_64, r-patched-solaris-x86, r-release-windows-ix86+x86_64, r-release-osx-x86_64, r-oldrel-windows-ix86+x86_64, r-oldrel-osx-x86_64