CRAN Package Check Results for Package hash

Last updated on 2019-03-24 09:46:49 CET.

Flavor Version Tinstall Tcheck Ttotal Status Flags
r-devel-linux-x86_64-debian-clang 2.2.6.1 2.43 24.65 27.08 NOTE
r-devel-linux-x86_64-debian-gcc 2.2.6.1 1.87 20.08 21.95 NOTE
r-devel-linux-x86_64-fedora-clang 2.2.6.1 32.34 NOTE
r-devel-linux-x86_64-fedora-gcc 2.2.6.1 30.89 NOTE
r-devel-windows-ix86+x86_64 2.2.6.1 7.00 53.00 60.00 NOTE
r-patched-linux-x86_64 2.2.6.1 1.30 23.53 24.83 NOTE
r-patched-solaris-x86 2.2.6.1 47.50 NOTE
r-release-linux-x86_64 2.2.6.1 0.35 2.08 2.43 ERROR
r-release-windows-ix86+x86_64 2.2.6.1 4.00 38.00 42.00 NOTE
r-release-osx-x86_64 2.2.6.1 NOTE
r-oldrel-windows-ix86+x86_64 2.2.6.1 3.00 55.00 58.00 NOTE
r-oldrel-osx-x86_64 2.2.6.1 NOTE

Check Details

Version: 2.2.6.1
Check: top-level files
Result: NOTE
    File
     LICENSE
    is not mentioned in the DESCRIPTION file.
    Non-standard file/directory found at top level:
     'dev'
Flavors: r-devel-linux-x86_64-debian-clang, r-devel-linux-x86_64-debian-gcc, r-devel-linux-x86_64-fedora-clang, r-devel-linux-x86_64-fedora-gcc, r-patched-linux-x86_64

Version: 2.2.6.1
Check: top-level files
Result: NOTE
    File
     LICENSE
    is not mentioned in the DESCRIPTION file.
Flavors: r-devel-windows-ix86+x86_64, r-patched-solaris-x86, r-release-windows-ix86+x86_64, r-release-osx-x86_64, r-oldrel-windows-ix86+x86_64, r-oldrel-osx-x86_64

Version: 2.2.6.1
Check: whether package can be installed
Result: ERROR
    Installation failed.
Flavor: r-release-linux-x86_64