CRAN Package Check Results for Package haldensify

Last updated on 2022-12-02 11:49:32 CET.

Flavor Version Tinstall Tcheck Ttotal Status Flags
r-devel-linux-x86_64-debian-clang 0.2.3 13.96 587.68 601.64 OK
r-devel-linux-x86_64-debian-gcc 0.2.3 12.68 482.21 494.89 OK
r-devel-linux-x86_64-fedora-clang 0.2.3 737.17 OK
r-devel-linux-x86_64-fedora-gcc 0.2.3 839.40 OK
r-devel-windows-x86_64 0.2.3 41.00 629.00 670.00 OK
r-patched-linux-x86_64 0.2.3 20.73 644.68 665.41 OK
r-release-linux-x86_64 0.2.3 13.85 651.36 665.21 OK
r-release-macos-arm64 0.2.3 292.00 OK
r-release-macos-x86_64 0.2.3 433.00 OK
r-release-windows-x86_64 0.2.3 37.00 640.00 677.00 OK
r-oldrel-macos-arm64 0.2.3 243.00 OK
r-oldrel-macos-x86_64 0.2.3 288.00 OK
r-oldrel-windows-ix86+x86_64 0.2.3 33.00 662.00 695.00 WARN

Check Details

Version: 0.2.3
Check: for unstated dependencies in ‘tests’
Result: WARN
    Warning: unable to access index for repository https://bioconductor.org/packages/3.14/bioc/src/contrib:
     cannot open URL 'https://bioconductor.org/packages/3.14/bioc/src/contrib/PACKAGES'
    Warning: unable to access index for repository https://bioconductor.org/packages/3.14/data/annotation/src/contrib:
     cannot open URL 'https://bioconductor.org/packages/3.14/data/annotation/src/contrib/PACKAGES'
    Warning: unable to access index for repository https://bioconductor.org/packages/3.14/data/experiment/src/contrib:
     cannot open URL 'https://bioconductor.org/packages/3.14/data/experiment/src/contrib/PACKAGES'
Flavor: r-oldrel-windows-ix86+x86_64