CRAN Package Check Results for Package hal9001

Last updated on 2020-10-29 08:48:20 CET.

Flavor Version Tinstall Tcheck Ttotal Status Flags
r-devel-linux-x86_64-debian-clang 0.2.6 87.35 137.62 224.97 OK
r-devel-linux-x86_64-debian-gcc 0.2.6 67.68 99.39 167.07 OK
r-devel-linux-x86_64-fedora-clang 0.2.6 311.80 NOTE
r-devel-linux-x86_64-fedora-gcc 0.2.6 290.99 OK
r-devel-windows-ix86+x86_64 0.2.6 186.00 254.00 440.00 OK
r-patched-linux-x86_64 0.2.6 86.87 129.88 216.75 OK
r-patched-solaris-x86 0.2.6 309.70 OK
r-release-linux-x86_64 0.2.6 85.60 128.27 213.87 OK
r-release-macos-x86_64 0.2.6 OK
r-release-windows-ix86+x86_64 0.2.6 165.00 260.00 425.00 OK
r-oldrel-macos-x86_64 0.2.6 OK
r-oldrel-windows-ix86+x86_64 0.2.6 190.00 237.00 427.00 OK

Check Details

Version: 0.2.6
Check: installed package size
Result: NOTE
     installed size is 5.8Mb
     sub-directories of 1Mb or more:
     libs 5.1Mb
Flavor: r-devel-linux-x86_64-fedora-clang