Last updated on 2022-08-12 14:48:58 CEST.
Flavor | Version | Tinstall | Tcheck | Ttotal | Status | Flags |
---|---|---|---|---|---|---|
r-devel-linux-x86_64-debian-clang | 1.0 | 10.72 | 112.09 | 122.81 | NOTE | |
r-devel-linux-x86_64-debian-gcc | 1.0 | 9.28 | 82.46 | 91.74 | NOTE | |
r-devel-linux-x86_64-fedora-clang | 1.0 | 162.81 | NOTE | |||
r-devel-linux-x86_64-fedora-gcc | 1.0 | 164.61 | NOTE | |||
r-devel-windows-x86_64 | 1.0 | 16.00 | 127.00 | 143.00 | NOTE | |
r-patched-linux-x86_64 | 1.0 | 11.14 | 104.71 | 115.85 | NOTE | |
r-release-linux-x86_64 | 1.0 | 11.38 | 105.72 | 117.10 | NOTE | |
r-release-macos-arm64 | 1.0 | 41.00 | NOTE | |||
r-release-macos-x86_64 | 1.0 | 81.00 | NOTE | |||
r-release-windows-x86_64 | 1.0 | 19.00 | 125.00 | 144.00 | NOTE | |
r-oldrel-macos-arm64 | 1.0 | 53.00 | NOTE | |||
r-oldrel-macos-x86_64 | 1.0 | 62.00 | NOTE | |||
r-oldrel-windows-ix86+x86_64 | 1.0 | 26.00 | 127.00 | 153.00 | NOTE |
Version: 1.0
Check: LazyData
Result: NOTE
'LazyData' is specified without a 'data' directory
Flavors: r-devel-linux-x86_64-debian-clang, r-devel-linux-x86_64-debian-gcc, r-devel-linux-x86_64-fedora-clang, r-devel-linux-x86_64-fedora-gcc, r-devel-windows-x86_64, r-patched-linux-x86_64, r-release-linux-x86_64, r-release-macos-arm64, r-release-macos-x86_64, r-release-windows-x86_64, r-oldrel-macos-arm64, r-oldrel-macos-x86_64, r-oldrel-windows-ix86+x86_64