CRAN Package Check Results for Package h2o

Last updated on 2020-02-26 10:48:20 CET.

Flavor Version Tinstall Tcheck Ttotal Status Flags
r-devel-linux-x86_64-debian-clang 3.28.0.2 26.59 103.38 129.97 WARN
r-devel-linux-x86_64-debian-gcc 3.28.0.2 21.05 80.04 101.09 WARN
r-devel-linux-x86_64-fedora-clang 3.28.0.2 149.12 WARN
r-devel-linux-x86_64-fedora-gcc 3.28.0.2 147.15 WARN
r-devel-windows-ix86+x86_64 3.28.0.2 160.00 120.00 280.00 NOTE
r-devel-windows-ix86+x86_64-gcc8 3.28.0.2 155.00 129.00 284.00 NOTE
r-patched-linux-x86_64 3.28.0.2 17.96 94.12 112.08 WARN
r-patched-solaris-x86 3.28.0.2 171.60 WARN
r-release-linux-x86_64 3.28.0.2 22.64 93.50 116.14 OK
r-release-windows-ix86+x86_64 3.28.0.2 148.00 108.00 256.00 NOTE
r-release-osx-x86_64 3.28.0.2 NOTE
r-oldrel-windows-ix86+x86_64 3.28.0.2 167.00 110.00 277.00 NOTE
r-oldrel-osx-x86_64 3.28.0.2 NOTE

Check Details

Version: 3.28.0.2
Check: Rd \usage sections
Result: WARN
    Documented arguments not in \usage in documentation object 'as.numeric':
     '...'
    
    Documented arguments not in \usage in documentation object 'h2o.num_iterations':
     '...'
    
    Documented arguments not in \usage in documentation object 'h2o.print':
     '...'
    
    Functions with \usage entries need to have the appropriate \alias
    entries, and all their arguments documented.
    The \usage entries must correspond to syntactically valid R code.
    See chapter 'Writing R documentation files' in the 'Writing R
    Extensions' manual.
Flavors: r-devel-linux-x86_64-debian-clang, r-devel-linux-x86_64-debian-gcc, r-devel-linux-x86_64-fedora-clang, r-devel-linux-x86_64-fedora-gcc, r-patched-linux-x86_64, r-patched-solaris-x86

Version: 3.28.0.2
Check: installed package size
Result: NOTE
     installed size is 130.6Mb
     sub-directories of 1Mb or more:
     java 128.5Mb
Flavors: r-devel-linux-x86_64-fedora-clang, r-devel-windows-ix86+x86_64, r-devel-windows-ix86+x86_64-gcc8, r-patched-solaris-x86, r-release-windows-ix86+x86_64, r-release-osx-x86_64, r-oldrel-windows-ix86+x86_64, r-oldrel-osx-x86_64

Version: 3.28.0.2
Check: dependencies in R code
Result: NOTE
    No protocol specified
Flavors: r-release-osx-x86_64, r-oldrel-osx-x86_64