CRAN Package Check Results for Package h2o

Last updated on 2019-04-20 14:46:44 CEST.

Flavor Version Tinstall Tcheck Ttotal Status Flags
r-devel-linux-x86_64-debian-clang 3.22.1.1 17.65 90.53 108.18 OK
r-devel-linux-x86_64-debian-gcc 3.22.1.1 16.54 71.39 87.93 OK
r-devel-linux-x86_64-fedora-clang 3.22.1.1 123.46 NOTE
r-devel-linux-x86_64-fedora-gcc 3.22.1.1 120.17 OK
r-devel-windows-ix86+x86_64 3.22.1.1 161.00 161.00 322.00 NOTE
r-patched-linux-x86_64 3.22.1.1 19.20 89.97 109.17 OK
r-patched-solaris-x86 3.22.1.1 163.60 NOTE
r-release-linux-x86_64 3.22.1.1 17.74 86.18 103.92 OK
r-release-windows-ix86+x86_64 3.22.1.1 163.00 149.00 312.00 NOTE
r-release-osx-x86_64 3.22.1.1 NOTE
r-oldrel-windows-ix86+x86_64 3.22.1.1 141.00 157.00 298.00 NOTE
r-oldrel-osx-x86_64 3.22.1.1 NOTE

Check Details

Version: 3.22.1.1
Check: installed package size
Result: NOTE
     installed size is 125.2Mb
     sub-directories of 1Mb or more:
     java 123.3Mb
Flavors: r-devel-linux-x86_64-fedora-clang, r-devel-windows-ix86+x86_64, r-patched-solaris-x86, r-release-windows-ix86+x86_64, r-release-osx-x86_64, r-oldrel-windows-ix86+x86_64, r-oldrel-osx-x86_64