CRAN Package Check Results for Package h2o

Last updated on 2019-06-25 12:46:33 CEST.

Flavor Version Tinstall Tcheck Ttotal Status Flags
r-devel-linux-x86_64-debian-clang 3.24.0.5 18.52 90.05 108.57 OK
r-devel-linux-x86_64-debian-gcc 3.24.0.5 15.85 70.72 86.57 OK
r-devel-linux-x86_64-fedora-clang 3.24.0.5 124.46 NOTE
r-devel-linux-x86_64-fedora-gcc 3.24.0.5 119.66 OK
r-devel-windows-ix86+x86_64 3.24.0.5 164.00 153.00 317.00 NOTE
r-patched-linux-x86_64 3.24.0.5 18.29 89.95 108.24 OK
r-patched-solaris-x86 3.24.0.5 160.30 NOTE
r-release-linux-x86_64 3.24.0.5 18.24 90.00 108.24 OK
r-release-windows-ix86+x86_64 3.22.1.1 137.00 159.00 296.00 NOTE
r-release-osx-x86_64 3.24.0.5 NOTE
r-oldrel-windows-ix86+x86_64 3.24.0.5 133.00 96.00 229.00 NOTE
r-oldrel-osx-x86_64 3.24.0.5 NOTE

Check Details

Version: 3.24.0.5
Check: installed package size
Result: NOTE
     installed size is 126.8Mb
     sub-directories of 1Mb or more:
     java 124.8Mb
Flavors: r-devel-linux-x86_64-fedora-clang, r-devel-windows-ix86+x86_64, r-patched-solaris-x86, r-release-osx-x86_64, r-oldrel-windows-ix86+x86_64, r-oldrel-osx-x86_64

Version: 3.22.1.1
Check: installed package size
Result: NOTE
     installed size is 125.2Mb
     sub-directories of 1Mb or more:
     java 123.3Mb
Flavor: r-release-windows-ix86+x86_64