CRAN Package Check Results for Package gwfa

Last updated on 2022-08-19 21:50:58 CEST.

Flavor Version Tinstall Tcheck Ttotal Status Flags
r-devel-linux-x86_64-debian-clang 0.0.4 19.60 43.29 62.89 OK
r-devel-linux-x86_64-debian-gcc 0.0.4 18.23 33.73 51.96 OK
r-devel-linux-x86_64-fedora-clang 0.0.4 95.40 NOTE
r-devel-linux-x86_64-fedora-gcc 0.0.4 90.73 NOTE
r-devel-windows-x86_64 0.0.4 28.00 86.00 114.00 OK
r-patched-linux-x86_64 0.0.4 18.48 40.70 59.18 OK
r-release-linux-x86_64 0.0.4 OK
r-release-macos-arm64 0.0.4 29.00 OK
r-release-macos-x86_64 0.0.4 37.00 OK
r-release-windows-x86_64 0.0.4 26.00 88.00 114.00 OK
r-oldrel-macos-arm64 0.0.4 31.00 OK
r-oldrel-macos-x86_64 0.0.4 48.00 OK
r-oldrel-windows-ix86+x86_64 0.0.4 53.00 94.00 147.00 OK

Check Details

Version: 0.0.4
Check: compiled code
Result: NOTE
    File ‘gwfa/libs/gwfa.so’:
     Found no calls to: ‘R_registerRoutines’, ‘R_useDynamicSymbols’
    
    It is good practice to register native routines and to disable symbol
    search.
    
    See ‘Writing portable packages’ in the ‘Writing R Extensions’ manual.
Flavors: r-devel-linux-x86_64-fedora-clang, r-devel-linux-x86_64-fedora-gcc