Last updated on 2023-12-08 16:54:09 CET.
Flavor | Version | Tinstall | Tcheck | Ttotal | Status | Flags |
---|---|---|---|---|---|---|
r-devel-linux-x86_64-debian-clang | 0.99.14 | 11.63 | 137.19 | 148.82 | NOTE | |
r-devel-linux-x86_64-debian-gcc | 0.99.14 | 8.83 | 104.95 | 113.78 | NOTE | |
r-devel-linux-x86_64-fedora-clang | 0.99.14 | 183.41 | NOTE | |||
r-devel-linux-x86_64-fedora-gcc | 0.99.14 | 213.26 | NOTE | |||
r-devel-windows-x86_64 | 0.99.14 | 11.00 | 141.00 | 152.00 | NOTE | |
r-patched-linux-x86_64 | 0.99.14 | 10.31 | 133.33 | 143.64 | OK | |
r-release-linux-x86_64 | 0.99.14 | 7.25 | 129.86 | 137.11 | OK | |
r-release-macos-arm64 | 0.99.14 | 96.00 | OK | |||
r-release-macos-x86_64 | 0.99.14 | 150.00 | OK | |||
r-release-windows-x86_64 | 0.99.14 | 14.00 | 169.00 | 183.00 | OK | |
r-oldrel-macos-arm64 | 0.99.14 | 73.00 | OK | |||
r-oldrel-macos-x86_64 | 0.99.14 | 99.00 | OK | |||
r-oldrel-windows-x86_64 | 0.99.14 | 14.00 | 178.00 | 192.00 | OK |
Version: 0.99.14
Check: Rd \usage sections
Result: NOTE
Documented arguments not in \usage in Rd file 'traits.Rd':
‘efo_id’ ‘trait’ ‘uri’
Functions with \usage entries need to have the appropriate \alias
entries, and all their arguments documented.
The \usage entries must correspond to syntactically valid R code.
See chapter ‘Writing R documentation files’ in the ‘Writing R
Extensions’ manual.
Flavors: r-devel-linux-x86_64-debian-clang, r-devel-linux-x86_64-debian-gcc, r-devel-linux-x86_64-fedora-clang, r-devel-linux-x86_64-fedora-gcc, r-devel-windows-x86_64