CRAN Package Check Results for Package gutenbergr

Last updated on 2022-01-23 07:14:01 CET.

Flavor Version Tinstall Tcheck Ttotal Status Flags
r-devel-linux-x86_64-debian-clang 0.2.1 7.20 96.89 104.09 OK
r-devel-linux-x86_64-debian-gcc 0.2.1 6.77 77.85 84.62 OK
r-devel-linux-x86_64-fedora-clang 0.2.1 123.00 NOTE
r-devel-linux-x86_64-fedora-gcc 0.2.1 109.95 NOTE
r-devel-windows-x86_64-new-UL 0.2.1 43.00 121.00 164.00 OK
r-devel-windows-x86_64-new-TK 0.2.1 NOTE
r-patched-linux-x86_64 0.2.1 6.55 90.21 96.76 OK
r-release-linux-x86_64 0.2.1 6.62 90.49 97.11 OK
r-release-macos-arm64 0.2.1 NOTE
r-release-macos-x86_64 0.2.1 NOTE
r-release-windows-ix86+x86_64 0.2.1 17.00 114.00 131.00 OK
r-oldrel-macos-x86_64 0.2.1 NOTE
r-oldrel-windows-ix86+x86_64 0.2.1 18.00 117.00 135.00 OK

Check Details

Version: 0.2.1
Check: data for non-ASCII characters
Result: NOTE
     Note: found 13617 marked UTF-8 strings
Flavors: r-devel-linux-x86_64-fedora-clang, r-devel-linux-x86_64-fedora-gcc, r-devel-windows-x86_64-new-TK, r-release-macos-arm64, r-release-macos-x86_64, r-oldrel-macos-x86_64