CRAN Package Check Results for Package gunsales

Last updated on 2021-08-05 12:57:09 CEST.

Flavor Version Tinstall Tcheck Ttotal Status Flags
r-devel-linux-x86_64-debian-clang 0.1.2 7.30 69.30 76.60 OK
r-devel-linux-x86_64-debian-gcc 0.1.2 6.13 67.06 73.19 OK
r-devel-linux-x86_64-fedora-clang 0.1.2 130.05 OK
r-devel-linux-x86_64-fedora-gcc 0.1.2 117.09 OK
r-devel-windows-x86_64 0.1.2 12.00 100.00 112.00 OK
r-devel-windows-x86_64-gcc10-UCRT 0.1.2 ERROR
r-patched-linux-x86_64 0.1.2 6.51 65.85 72.36 OK
r-patched-solaris-x86 0.1.2 5.20 ERROR
r-release-linux-x86_64 0.1.2 6.29 85.02 91.31 OK
r-release-macos-arm64 0.1.2 WARN
r-release-macos-x86_64 0.1.2 OK
r-release-windows-ix86+x86_64 0.1.2 17.00 98.00 115.00 OK
r-oldrel-macos-x86_64 0.1.2 OK
r-oldrel-windows-ix86+x86_64 0.1.2 44.00 100.00 144.00 OK

Additional issues

M1mac

Check Details

Version: 0.1.2
Check: package dependencies
Result: ERROR
    Packages required but not available: 'dplyr', 'ggplot2'
    
    See section 'The DESCRIPTION file' in the 'Writing R Extensions'
    manual.
Flavor: r-devel-windows-x86_64-gcc10-UCRT

Version: 0.1.2
Check: package dependencies
Result: ERROR
    Packages required but not available: 'seasonal', 'x13binary'
    
    See section ‘The DESCRIPTION file’ in the ‘Writing R Extensions’
    manual.
Flavor: r-patched-solaris-x86

Version: 0.1.2
Check: re-building of vignette outputs
Result: WARN
    Error(s) in re-building vignettes:
     ...
    --- re-building ‘gunsales.Rmd’ using rmarkdown
    Warning in engine$weave(file, quiet = quiet, encoding = enc) :
     Pandoc (>= 1.12.3) not available. Falling back to R Markdown v1.
    Quitting from lines 33-34 (gunsales.Rmd)
    Error: processing vignette 'gunsales.Rmd' failed with diagnostics:
    Process terminated
    --- failed re-building ‘gunsales.Rmd’
    
    SUMMARY: processing the following file failed:
     ‘gunsales.Rmd’
    
    Error: Vignette re-building failed.
    Execution halted
Flavor: r-release-macos-arm64