CRAN Package Check Results for Package guildai

Last updated on 2024-05-23 19:54:46 CEST.

Flavor Version Tinstall Tcheck Ttotal Status Flags
r-devel-linux-x86_64-debian-clang 0.0.1 5.84 52.12 57.96 NOTE
r-devel-linux-x86_64-debian-gcc 0.0.1 4.80 38.65 43.45 NOTE
r-devel-linux-x86_64-fedora-clang 0.0.1 73.75 NOTE
r-devel-linux-x86_64-fedora-gcc 0.0.1 67.63 NOTE
r-devel-windows-x86_64 0.0.1 7.00 61.00 68.00 NOTE
r-patched-linux-x86_64 0.0.1 8.04 48.27 56.31 NOTE
r-release-linux-x86_64 0.0.1 4.24 48.57 52.81 NOTE
r-release-macos-arm64 0.0.1 25.00 NOTE
r-release-windows-x86_64 0.0.1 7.00 61.00 68.00 NOTE
r-oldrel-macos-arm64 0.0.1 26.00 OK
r-oldrel-macos-x86_64 0.0.1 35.00 OK
r-oldrel-windows-x86_64 0.0.1 9.00 69.00 78.00 OK

Check Details

Version: 0.0.1
Check: Rd files
Result: NOTE checkRd: (-1) guild_merge.Rd:38: Lost braces; missing escapes or markup? 38 | \item{\code{summary_name}}{Name used for the run summary. Use '${run_id}' in the name to include the run ID.} | ^ checkRd: (-1) guild_merge_cli.Rd:88: Lost braces; missing escapes or markup? 88 | \item{summary_name}{Name used for the run summary. Use '${run_id}' in the name to include the run ID.} | ^ Flavors: r-devel-linux-x86_64-debian-clang, r-devel-linux-x86_64-debian-gcc, r-devel-linux-x86_64-fedora-clang, r-devel-linux-x86_64-fedora-gcc, r-devel-windows-x86_64, r-patched-linux-x86_64, r-release-linux-x86_64, r-release-macos-arm64, r-release-windows-x86_64