CRAN Package Check Results for Package guardianapi

Last updated on 2019-06-18 22:01:47 CEST.

Flavor Version Tinstall Tcheck Ttotal Status Flags
r-devel-linux-x86_64-debian-clang 0.1.0 3.65 70.80 74.45 OK
r-devel-linux-x86_64-debian-gcc 0.1.0 2.98 54.97 57.95 OK
r-devel-linux-x86_64-fedora-clang 0.1.0 75.86 OK
r-devel-linux-x86_64-fedora-gcc 0.1.0 72.16 OK
r-devel-windows-ix86+x86_64 0.1.0 17.00 153.00 170.00 OK
r-patched-linux-x86_64 0.1.0 3.97 70.40 74.37 OK
r-patched-solaris-x86 0.1.0 112.50 OK
r-release-linux-x86_64 0.1.0 3.37 70.68 74.05 OK
r-release-windows-ix86+x86_64 0.1.0 11.00 160.00 171.00 OK
r-release-osx-x86_64 0.1.0 OK
r-oldrel-windows-ix86+x86_64 0.1.0 4.00 110.00 114.00 WARN
r-oldrel-osx-x86_64 0.1.0 OK

Check Details

Version: 0.1.0
Check: re-building of vignette outputs
Result: WARN
    Error in re-building vignettes:
     ...
    
    Attaching package: 'dplyr'
    
    The following objects are masked from 'package:stats':
    
     filter, lag
    
    The following objects are masked from 'package:base':
    
     intersect, setdiff, setequal, union
    
    
    Attaching package: 'lubridate'
    
    The following object is masked from 'package:base':
    
     date
    
    Retrieving page 1
    Retrieving additional page 2 of 42
    Retrieving additional page 3 of 42
    Retrieving additional page 4 of 42
    Retrieving additional page 5 of 42
    Retrieving additional page 6 of 42
    Retrieving additional page 7 of 42
    Retrieving additional page 8 of 42
    Retrieving additional page 9 of 42
    Retrieving additional page 10 of 42
    Retrieving additional page 11 of 42
    Retrieving additional page 12 of 42
    Retrieving additional page 13 of 42
    Retrieving additional page 14 of 42
    Retrieving additional page 15 of 42
    Retrieving additional page 16 of 42
    Retrieving additional page 17 of 42
    Retrieving additional page 18 of 42
    Retrieving additional page 19 of 42
    Retrieving additional page 20 of 42
    Retrieving additional page 21 of 42
    Retrieving additional page 22 of 42
    Retrieving additional page 23 of 42
    Retrieving additional page 24 of 42
    Retrieving additional page 25 of 42
    Retrieving additional page 26 of 42
    Retrieving additional page 27 of 42
    Retrieving additional page 28 of 42
    Retrieving additional page 29 of 42
    Retrieving additional page 30 of 42
    Retrieving additional page 31 of 42
    Retrieving additional page 32 of 42
    Retrieving additional page 33 of 42
    Retrieving additional page 34 of 42
    Retrieving additional page 35 of 42
    Retrieving additional page 36 of 42
    Retrieving additional page 37 of 42
    Retrieving additional page 38 of 42
    Retrieving additional page 39 of 42
    Retrieving additional page 40 of 42
    Retrieving additional page 41 of 42
    Retrieving additional page 42 of 42
    Retrieving page 1
    Retrieving additional page 2 of 149
    Retrieving additional page 3 of 149
    Retrieving additional page 4 of 149
    Retrieving additional page 5 of 149
    Retrieving additional page 6 of 149
    Retrieving additional page 7 of 149
    Retrieving additional page 8 of 149
    Retrieving additional page 9 of 149
    Retrieving additional page 10 of 149
    Retrieving additional page 11 of 149
    Retrieving additional page 12 of 149
    Retrieving additional page 13 of 149
    Retrieving additional page 14 of 149
    Retrieving additional page 15 of 149
    Retrieving additional page 16 of 149
    Retrieving additional page 17 of 149
    Retrieving additional page 18 of 149
    Retrieving additional page 19 of 149
    Retrieving additional page 20 of 149
    Retrieving additional page 21 of 149
    Retrieving additional page 22 of 149
    Quitting from lines 79-108 (introduction.Rmd)
    Error: processing vignette 'introduction.Rmd' failed with diagnostics:
    HTTP error 503.
    Execution halted
Flavor: r-oldrel-windows-ix86+x86_64