CRAN Package Check Results for Package gtsummary

Last updated on 2020-08-13 06:47:29 CEST.

Flavor Version Tinstall Tcheck Ttotal Status Flags
r-devel-linux-x86_64-debian-clang 1.3.2 0.98 2.62 3.60 ERROR
r-devel-linux-x86_64-debian-gcc 1.3.3 11.83 204.72 216.55 OK
r-devel-linux-x86_64-fedora-clang 1.3.3 337.69 OK
r-devel-linux-x86_64-fedora-gcc 1.3.3 328.39 OK
r-devel-windows-ix86+x86_64 1.3.2 24.00 329.00 353.00 OK
r-patched-linux-x86_64 1.3.3 13.21 270.38 283.59 OK
r-patched-solaris-x86 1.3.2 324.30 OK
r-release-linux-x86_64 1.3.2 0.77 2.64 3.41 ERROR
r-release-macos-x86_64 1.3.2 OK
r-release-windows-ix86+x86_64 1.3.3 38.00 381.00 419.00 OK
r-oldrel-macos-x86_64 1.3.3 OK
r-oldrel-windows-ix86+x86_64 1.3.2 19.00 228.00 247.00 OK

Check Details

Version: 1.3.2
Check: package dependencies
Result: ERROR
    Packages required but not available: 'broom', 'broom.mixed', 'tidyr'
    
    Package suggested but not available for checking: 'geepack'
    
    See section 'The DESCRIPTION file' in the 'Writing R Extensions'
    manual.
Flavors: r-devel-linux-x86_64-debian-clang, r-release-linux-x86_64