Last updated on 2023-12-10 06:50:26 CET.
Flavor | Version | Tinstall | Tcheck | Ttotal | Status | Flags |
---|---|---|---|---|---|---|
r-devel-linux-x86_64-debian-clang | 0.1.2 | 81.43 | 115.62 | 197.05 | OK | |
r-devel-linux-x86_64-debian-gcc | 0.1.2 | 55.28 | 88.80 | 144.08 | OK | |
r-devel-linux-x86_64-fedora-clang | 0.1.2 | 285.19 | NOTE | |||
r-devel-linux-x86_64-fedora-gcc | 0.1.2 | 292.65 | OK | |||
r-devel-windows-x86_64 | 0.1.2 | 61.00 | 142.00 | 203.00 | NOTE | |
r-patched-linux-x86_64 | 0.1.2 | 76.68 | 112.50 | 189.18 | OK | |
r-release-linux-x86_64 | 0.1.2 | 73.84 | 110.61 | 184.45 | OK | |
r-release-macos-arm64 | 0.1.2 | 77.00 | NOTE | |||
r-release-macos-x86_64 | 0.1.2 | 166.00 | NOTE | |||
r-release-windows-x86_64 | 0.1.2 | 72.00 | 165.00 | 237.00 | NOTE | |
r-oldrel-macos-arm64 | 0.1.2 | 90.00 | NOTE | |||
r-oldrel-macos-x86_64 | 0.1.2 | 102.00 | NOTE | |||
r-oldrel-windows-x86_64 | 0.1.2 | 73.00 | 159.00 | 232.00 | NOTE |
Version: 0.1.2
Check: installed package size
Result: NOTE
installed size is 5.2Mb
sub-directories of 1Mb or more:
doc 4.2Mb
Flavors: r-devel-linux-x86_64-fedora-clang, r-devel-windows-x86_64, r-release-macos-arm64, r-release-macos-x86_64, r-release-windows-x86_64, r-oldrel-macos-arm64, r-oldrel-macos-x86_64, r-oldrel-windows-x86_64