CRAN Package Check Results for Package gt

Last updated on 2025-01-25 12:49:24 CET.

Flavor Version Tinstall Tcheck Ttotal Status Flags
r-devel-linux-x86_64-debian-clang 0.11.1 34.24 246.26 280.50 OK
r-devel-linux-x86_64-debian-gcc 0.11.1 22.12 159.45 181.57 OK
r-devel-linux-x86_64-fedora-clang 0.11.1 438.32 OK
r-devel-linux-x86_64-fedora-gcc 0.11.1 434.27 OK
r-devel-windows-x86_64 0.11.1 39.00 260.00 299.00 OK
r-patched-linux-x86_64 0.11.1 49.17 229.28 278.45 OK
r-release-linux-x86_64 0.11.1 31.41 226.50 257.91 OK
r-release-macos-arm64 0.11.1 93.00 NOTE
r-release-macos-x86_64 0.11.1 175.00 NOTE
r-release-windows-x86_64 0.11.1 37.00 245.00 282.00 NOTE
r-oldrel-macos-arm64 0.11.1 87.00 NOTE
r-oldrel-macos-x86_64 0.11.1 174.00 NOTE
r-oldrel-windows-x86_64 0.11.1 47.00 295.00 342.00 NOTE

Check Details

Version: 0.11.1
Check: installed package size
Result: NOTE installed size is 8.0Mb sub-directories of 1Mb or more: R 2.8Mb data 1.1Mb help 2.8Mb Flavors: r-release-macos-arm64, r-release-macos-x86_64, r-release-windows-x86_64, r-oldrel-macos-arm64, r-oldrel-macos-x86_64, r-oldrel-windows-x86_64