CRAN Package Check Results for Package gt

Last updated on 2022-01-27 11:51:22 CET.

Flavor Version Tinstall Tcheck Ttotal Status Flags
r-devel-linux-x86_64-debian-clang 0.3.1 17.34 273.34 290.68 OK
r-devel-linux-x86_64-debian-gcc 0.3.1 13.32 206.05 219.37 OK
r-devel-linux-x86_64-fedora-clang 0.3.1 338.87 NOTE
r-devel-linux-x86_64-fedora-gcc 0.3.1 329.97 NOTE
r-devel-windows-x86_64-new-UL 0.3.1 187.00 294.00 481.00 NOTE
r-devel-windows-x86_64-new-TK 0.3.1 NOTE
r-patched-linux-x86_64 0.3.1 22.52 263.80 286.32 OK
r-release-linux-x86_64 0.3.1 13.60 259.41 273.01 OK
r-release-macos-arm64 0.3.1 NOTE
r-release-macos-x86_64 0.3.1 NOTE
r-release-windows-ix86+x86_64 0.3.1 32.00 308.00 340.00 NOTE
r-oldrel-macos-x86_64 0.3.1 NOTE
r-oldrel-windows-ix86+x86_64 0.3.1 33.00 317.00 350.00 NOTE

Check Details

Version: 0.3.1
Check: installed package size
Result: NOTE
     installed size is 6.7Mb
     sub-directories of 1Mb or more:
     help 4.6Mb
Flavors: r-devel-linux-x86_64-fedora-clang, r-devel-windows-x86_64-new-UL, r-release-macos-arm64, r-release-macos-x86_64, r-release-windows-ix86+x86_64, r-oldrel-macos-x86_64, r-oldrel-windows-ix86+x86_64

Version: 0.3.1
Check: data for non-ASCII characters
Result: NOTE
     Note: found 116 marked UTF-8 strings
Flavors: r-devel-linux-x86_64-fedora-clang, r-devel-linux-x86_64-fedora-gcc, r-devel-windows-x86_64-new-TK, r-release-macos-arm64, r-release-macos-x86_64, r-oldrel-macos-x86_64