CRAN Package Check Results for Package gt

Last updated on 2022-07-02 18:51:38 CEST.

Flavor Version Tinstall Tcheck Ttotal Status Flags
r-devel-linux-x86_64-debian-clang 0.6.0 17.71 420.74 438.45 OK
r-devel-linux-x86_64-debian-gcc 0.6.0 15.03 314.06 329.09 OK
r-devel-linux-x86_64-fedora-clang 0.6.0 505.51 NOTE
r-devel-linux-x86_64-fedora-gcc 0.6.0 516.26 NOTE
r-devel-windows-x86_64 0.6.0 97.00 419.00 516.00 OK
r-patched-linux-x86_64 0.6.0 27.98 395.77 423.75 OK
r-release-linux-x86_64 0.6.0 19.15 396.34 415.49 OK
r-release-macos-arm64 0.6.0 169.00 NOTE
r-release-macos-x86_64 0.6.0 174.00 NOTE
r-release-windows-x86_64 0.6.0 106.00 422.00 528.00 OK
r-oldrel-macos-arm64 0.6.0 154.00 NOTE
r-oldrel-macos-x86_64 0.6.0 170.00 NOTE
r-oldrel-windows-ix86+x86_64 0.6.0 37.00 462.00 499.00 OK

Check Details

Version: 0.6.0
Check: data for non-ASCII characters
Result: NOTE
     Note: found 116 marked UTF-8 strings
Flavors: r-devel-linux-x86_64-fedora-clang, r-devel-linux-x86_64-fedora-gcc, r-release-macos-arm64, r-release-macos-x86_64, r-oldrel-macos-arm64, r-oldrel-macos-x86_64