CRAN Package Check Results for Package gsynth

Last updated on 2021-11-26 23:50:02 CET.

Flavor Version Tinstall Tcheck Ttotal Status Flags
r-devel-linux-x86_64-debian-clang 1.2.1 63.37 112.97 176.34 OK
r-devel-linux-x86_64-debian-gcc 1.2.1 42.85 83.30 126.15 OK
r-devel-linux-x86_64-fedora-clang 1.2.1 234.82 OK
r-devel-linux-x86_64-fedora-gcc 1.2.1 214.56 OK
r-devel-windows-x86_64-new-UL 1.2.1 82.00 164.00 246.00 OK
r-devel-windows-x86_64-new-TK 1.2.1 OK
r-devel-windows-x86_64-old 1.2.1 59.00 146.00 205.00 OK
r-patched-linux-x86_64 1.2.1 53.51 106.84 160.35 OK
r-patched-solaris-x86 1.2.1 242.40 OK
r-release-linux-x86_64 1.2.1 OK
r-release-macos-arm64 1.2.1 NOTE
r-release-macos-x86_64 1.2.1 OK
r-release-windows-ix86+x86_64 1.2.1 134.00 132.00 266.00 OK
r-oldrel-macos-x86_64 1.2.1 OK
r-oldrel-windows-ix86+x86_64 1.2.1 134.00 180.00 314.00 OK

Check Details

Version: 1.2.1
Check: installed package size
Result: NOTE
     installed size is 5.5Mb
     sub-directories of 1Mb or more:
     libs 5.1Mb
Flavor: r-release-macos-arm64