CRAN Package Check Results for Package gsloid

Last updated on 2019-09-15 08:47:19 CEST.

Flavor Version Tinstall Tcheck Ttotal Status Flags
r-devel-linux-x86_64-debian-clang 0.1.0 1.69 23.88 25.57 NOTE
r-devel-linux-x86_64-debian-gcc 0.1.0 1.42 19.29 20.71 NOTE
r-devel-linux-x86_64-fedora-clang 0.1.0 30.68 OK
r-devel-linux-x86_64-fedora-gcc 0.1.0 29.86 OK
r-devel-windows-ix86+x86_64 0.1.0 7.00 36.00 43.00 NOTE
r-patched-linux-x86_64 0.1.0 1.35 23.36 24.71 OK
r-patched-solaris-x86 0.1.0 46.20 OK
r-release-linux-x86_64 0.1.0 1.18 23.59 24.77 OK
r-release-windows-ix86+x86_64 0.1.0 5.00 60.00 65.00 OK
r-release-osx-x86_64 0.1.0 OK
r-oldrel-windows-ix86+x86_64 0.1.0 3.00 36.00 39.00 OK
r-oldrel-osx-x86_64 0.1.0 OK

Check Details

Version: 0.1.0
Check: package vignettes
Result: NOTE
    Package vignette with placeholder title 'Vignette Title':
     'Introduction.Rmd'
Flavors: r-devel-linux-x86_64-debian-clang, r-devel-linux-x86_64-debian-gcc, r-devel-windows-ix86+x86_64