CRAN Package Check Results for Package gsisdecoder

Last updated on 2022-08-13 00:51:00 CEST.

Flavor Version Tinstall Tcheck Ttotal Status Flags
r-devel-linux-x86_64-debian-clang 0.0.1 20.17 29.38 49.55 NOTE
r-devel-linux-x86_64-debian-gcc 0.0.1 14.29 23.08 37.37 NOTE
r-devel-linux-x86_64-fedora-clang 0.0.1 73.89 NOTE
r-devel-linux-x86_64-fedora-gcc 0.0.1 67.43 NOTE
r-devel-windows-x86_64 0.0.1 24.00 70.00 94.00 NOTE
r-patched-linux-x86_64 0.0.1 16.94 28.94 45.88 NOTE
r-release-linux-x86_64 0.0.1 17.97 28.50 46.47 NOTE
r-release-macos-arm64 0.0.1 21.00 NOTE
r-release-macos-x86_64 0.0.1 28.00 NOTE
r-release-windows-x86_64 0.0.1 23.00 76.00 99.00 NOTE
r-oldrel-macos-arm64 0.0.1 25.00 NOTE
r-oldrel-macos-x86_64 0.0.1 40.00 NOTE
r-oldrel-windows-ix86+x86_64 0.0.1 44.00 80.00 124.00 NOTE

Check Details

Version: 0.0.1
Check: LazyData
Result: NOTE
     'LazyData' is specified without a 'data' directory
Flavors: r-devel-linux-x86_64-debian-clang, r-devel-linux-x86_64-debian-gcc, r-devel-linux-x86_64-fedora-clang, r-devel-linux-x86_64-fedora-gcc, r-devel-windows-x86_64, r-patched-linux-x86_64, r-release-linux-x86_64, r-release-macos-arm64, r-release-macos-x86_64, r-release-windows-x86_64, r-oldrel-macos-arm64, r-oldrel-macos-x86_64, r-oldrel-windows-ix86+x86_64

Version: 0.0.1
Check: Rd cross-references
Result: NOTE
    Undeclared package ‘nflfastR’ in Rd xrefs
Flavor: r-devel-linux-x86_64-fedora-clang