CRAN Package Check Results for Package gsheet

Last updated on 2024-06-22 00:57:59 CEST.

Flavor Version Tinstall Tcheck Ttotal Status Flags
r-devel-linux-x86_64-debian-clang 0.4.5 1.96 28.82 30.78 NOTE
r-devel-linux-x86_64-debian-gcc 0.4.5 1.73 22.20 23.93 NOTE
r-devel-linux-x86_64-fedora-clang 0.4.5 37.56 NOTE
r-devel-linux-x86_64-fedora-gcc 0.4.5 35.16 NOTE
r-devel-windows-x86_64 0.4.5 3.00 50.00 53.00 NOTE
r-patched-linux-x86_64 0.4.5 1.82 27.43 29.25 NOTE
r-release-linux-x86_64 0.4.5 1.43 27.72 29.15 NOTE
r-release-macos-arm64 0.4.5 32.00 OK
r-release-macos-x86_64 0.4.5 37.00 OK
r-release-windows-x86_64 0.4.5 3.00 49.00 52.00 NOTE
r-oldrel-macos-arm64 0.4.5 30.00 OK
r-oldrel-macos-x86_64 0.4.5 33.00 OK
r-oldrel-windows-x86_64 0.4.5 3.00 52.00 55.00 OK

Check Details

Version: 0.4.5
Check: HTML version of manual
Result: NOTE Found the following HTML validation problems: gsheet2tbl.html:31:5 (gsheet2tbl.Rd:20): Warning: trimming empty <p> gsheet2tbl.html:31:1 (gsheet2tbl.Rd:20): Warning: trimming empty <li> Flavors: r-devel-linux-x86_64-debian-clang, r-devel-linux-x86_64-debian-gcc, r-devel-linux-x86_64-fedora-clang, r-devel-linux-x86_64-fedora-gcc, r-devel-windows-x86_64, r-patched-linux-x86_64, r-release-linux-x86_64, r-release-windows-x86_64