CRAN Package Check Results for Package gsDesign

Last updated on 2019-04-22 16:54:07 CEST.

Flavor Version Tinstall Tcheck Ttotal Status Flags
r-devel-linux-x86_64-debian-clang 3.0-1 12.61 104.56 117.17 NOTE
r-devel-linux-x86_64-debian-gcc 3.0-1 10.71 78.44 89.15 NOTE
r-devel-linux-x86_64-fedora-clang 3.0-1 143.86 NOTE
r-devel-linux-x86_64-fedora-gcc 3.0-1 130.01 NOTE
r-devel-windows-ix86+x86_64 3.0-1 36.00 148.00 184.00 NOTE
r-patched-linux-x86_64 3.0-1 12.22 105.31 117.53 NOTE
r-patched-solaris-x86 3.0-1 177.30 NOTE
r-release-linux-x86_64 3.0-1 9.88 99.38 109.26 NOTE
r-release-windows-ix86+x86_64 3.0-1 24.00 190.00 214.00 NOTE
r-release-osx-x86_64 3.0-1 NOTE
r-oldrel-windows-ix86+x86_64 3.0-1 24.00 229.00 253.00 NOTE
r-oldrel-osx-x86_64 3.0-1 NOTE

Check Details

Version: 3.0-1
Check: R code for possible problems
Result: NOTE
    plotgsCP: no visible global function definition for 'opts'
    plotgsPower: no visible global function definition for 'opts'
    qplotit: no visible global function definition for 'opts'
    Undefined global functions or variables:
     opts
Flavors: r-devel-linux-x86_64-debian-clang, r-devel-linux-x86_64-debian-gcc, r-devel-linux-x86_64-fedora-clang, r-devel-linux-x86_64-fedora-gcc, r-devel-windows-ix86+x86_64, r-patched-linux-x86_64, r-patched-solaris-x86, r-release-linux-x86_64, r-release-windows-ix86+x86_64, r-release-osx-x86_64, r-oldrel-windows-ix86+x86_64, r-oldrel-osx-x86_64

Version: 3.0-1
Check: compiled code
Result: NOTE
    File ‘gsDesign/libs/gsDesign.so’:
     Found no calls to: ‘R_registerRoutines’, ‘R_useDynamicSymbols’
    
    It is good practice to register native routines and to disable symbol
    search.
    
    See ‘Writing portable packages’ in the ‘Writing R Extensions’ manual.
Flavors: r-devel-linux-x86_64-fedora-clang, r-devel-linux-x86_64-fedora-gcc