CRAN Package Check Results for Package gsDesign

Last updated on 2019-07-19 15:47:00 CEST.

Flavor Version Tinstall Tcheck Ttotal Status Flags
r-devel-linux-x86_64-debian-clang 3.0-1 12.69 105.14 117.83 NOTE
r-devel-linux-x86_64-debian-gcc 3.0-1 10.97 80.45 91.42 NOTE
r-devel-linux-x86_64-fedora-clang 3.0-1 137.68 NOTE
r-devel-linux-x86_64-fedora-gcc 3.0-1 148.95 NOTE
r-devel-windows-ix86+x86_64 3.0-1 44.00 139.00 183.00 NOTE
r-patched-linux-x86_64 3.0-1 11.50 102.74 114.24 NOTE
r-patched-solaris-x86 3.0-1 190.10 NOTE
r-release-linux-x86_64 3.0-1 11.67 104.06 115.73 NOTE
r-release-windows-ix86+x86_64 3.0-1 29.00 144.00 173.00 NOTE
r-release-osx-x86_64 3.0-1 NOTE
r-oldrel-windows-ix86+x86_64 3.0-1 24.00 198.00 222.00 NOTE
r-oldrel-osx-x86_64 3.0-1 NOTE

Check Details

Version: 3.0-1
Check: R code for possible problems
Result: NOTE
    plotgsCP: no visible global function definition for 'opts'
    plotgsPower: no visible global function definition for 'opts'
    qplotit: no visible global function definition for 'opts'
    Undefined global functions or variables:
     opts
Flavors: r-devel-linux-x86_64-debian-clang, r-devel-linux-x86_64-debian-gcc, r-devel-linux-x86_64-fedora-clang, r-devel-linux-x86_64-fedora-gcc, r-devel-windows-ix86+x86_64, r-patched-linux-x86_64, r-patched-solaris-x86, r-release-linux-x86_64, r-release-windows-ix86+x86_64, r-release-osx-x86_64, r-oldrel-windows-ix86+x86_64, r-oldrel-osx-x86_64

Version: 3.0-1
Check: compiled code
Result: NOTE
    File ‘gsDesign/libs/gsDesign.so’:
     Found no calls to: ‘R_registerRoutines’, ‘R_useDynamicSymbols’
    
    It is good practice to register native routines and to disable symbol
    search.
    
    See ‘Writing portable packages’ in the ‘Writing R Extensions’ manual.
Flavors: r-devel-linux-x86_64-fedora-clang, r-devel-linux-x86_64-fedora-gcc