CRAN Package Check Results for Package groupWQS

Last updated on 2020-10-21 14:46:59 CEST.

Flavor Version Tinstall Tcheck Ttotal Status Flags
r-devel-linux-x86_64-debian-clang 0.0.3 2.56 108.59 111.15 OK
r-devel-linux-x86_64-debian-gcc 0.0.3 2.45 80.19 82.64 OK
r-devel-linux-x86_64-fedora-clang 0.0.3 143.02 NOTE
r-devel-linux-x86_64-fedora-gcc 0.0.3 136.49 NOTE
r-devel-windows-ix86+x86_64 0.0.3 7.00 136.00 143.00 OK
r-patched-linux-x86_64 0.0.3 2.34 111.88 114.22 OK
r-patched-solaris-x86 0.0.3 178.80 NOTE
r-release-linux-x86_64 0.0.3 2.74 114.54 117.28 OK
r-release-macos-x86_64 0.0.3 NOTE
r-release-windows-ix86+x86_64 0.0.3 4.00 109.00 113.00 OK
r-oldrel-macos-x86_64 0.0.3 NOTE
r-oldrel-windows-ix86+x86_64 0.0.3 5.00 126.00 131.00 OK

Check Details

Version: 0.0.3
Check: dependencies in R code
Result: NOTE
    Namespaces in Imports field not imported from:
     ‘MASS’ ‘rjags’
     All declared Imports should be used.
Flavors: r-devel-linux-x86_64-fedora-clang, r-devel-linux-x86_64-fedora-gcc, r-patched-solaris-x86, r-release-macos-x86_64, r-oldrel-macos-x86_64