CRAN Package Check Results for Package groupRemMap

Last updated on 2022-12-09 01:50:30 CET.

Flavor Version Tinstall Tcheck Ttotal Status Flags
r-devel-linux-x86_64-debian-clang 0.1-0 2.99 22.96 25.95 OK
r-devel-linux-x86_64-debian-gcc 0.1-0 2.55 18.92 21.47 OK
r-devel-linux-x86_64-fedora-clang 0.1-0 44.04 NOTE
r-devel-linux-x86_64-fedora-gcc 0.1-0 41.63 NOTE
r-devel-windows-x86_64 0.1-0 7.00 50.00 57.00 OK
r-patched-linux-x86_64 0.1-0 2.26 22.23 24.49 OK
r-release-linux-x86_64 0.1-0 2.70 21.84 24.54 OK
r-release-macos-arm64 0.1-0 16.00 OK
r-release-macos-x86_64 0.1-0 20.00 OK
r-release-windows-x86_64 0.1-0 9.00 43.00 52.00 OK
r-oldrel-macos-arm64 0.1-0 17.00 OK
r-oldrel-macos-x86_64 0.1-0 26.00 OK
r-oldrel-windows-ix86+x86_64 0.1-0 9.00 32.00 41.00 OK

Check Details

Version: 0.1-0
Check: compiled code
Result: NOTE
    File ‘groupRemMap/libs/groupRemMap.so’:
     Found no calls to: ‘R_registerRoutines’, ‘R_useDynamicSymbols’
    
    It is good practice to register native routines and to disable symbol
    search.
    
    See ‘Writing portable packages’ in the ‘Writing R Extensions’ manual.
Flavors: r-devel-linux-x86_64-fedora-clang, r-devel-linux-x86_64-fedora-gcc