CRAN Package Check Results for Package grmsem

Last updated on 2021-04-16 00:47:14 CEST.

Flavor Version Tinstall Tcheck Ttotal Status Flags
r-devel-linux-x86_64-debian-clang 1.1.0 5.58 276.14 281.72 OK
r-devel-linux-x86_64-debian-gcc 1.1.0 3.61 224.74 228.35 OK
r-devel-linux-x86_64-fedora-clang 1.1.0 345.67 NOTE
r-devel-linux-x86_64-fedora-gcc 1.1.0 337.11 NOTE
r-devel-windows-ix86+x86_64 1.1.0 9.00 345.00 354.00 OK
r-devel-windows-x86_64-gcc10-UCRT 1.1.0 NOTE
r-patched-linux-x86_64 1.1.0 4.81 272.25 277.06 OK
r-patched-solaris-x86 1.1.0 543.70 NOTE
r-release-linux-x86_64 1.1.0 4.96 267.64 272.60 OK
r-release-macos-x86_64 1.1.0 NOTE
r-release-windows-ix86+x86_64 1.1.0 7.00 338.00 345.00 OK
r-oldrel-macos-x86_64 1.1.0 NOTE
r-oldrel-windows-ix86+x86_64 1.1.0 7.00 275.00 282.00 OK

Check Details

Version: 1.1.0
Check: dependencies in R code
Result: NOTE
    Namespace in Imports field not imported from: ‘msm’
     All declared Imports should be used.
Flavors: r-devel-linux-x86_64-fedora-clang, r-devel-linux-x86_64-fedora-gcc, r-devel-windows-x86_64-gcc10-UCRT, r-patched-solaris-x86, r-release-macos-x86_64, r-oldrel-macos-x86_64