CRAN Package Check Results for Package gripp

Last updated on 2024-06-21 01:57:20 CEST.

Flavor Version Tinstall Tcheck Ttotal Status Flags
r-devel-linux-x86_64-debian-clang 0.2.20 3.67 38.08 41.75 NOTE
r-devel-linux-x86_64-debian-gcc 0.2.20 2.75 30.26 33.01 NOTE
r-devel-linux-x86_64-fedora-clang 0.2.20 54.91 NOTE
r-devel-linux-x86_64-fedora-gcc 0.2.20 63.68 NOTE
r-devel-windows-x86_64 0.2.20 5.00 51.00 56.00 NOTE
r-patched-linux-x86_64 0.2.20 3.39 38.40 41.79 NOTE
r-release-linux-x86_64 0.2.20 3.17 38.21 41.38 NOTE
r-release-macos-arm64 0.2.20 26.00 NOTE
r-release-macos-x86_64 0.2.20 40.00 NOTE
r-release-windows-x86_64 0.2.20 5.00 56.00 61.00 NOTE
r-oldrel-macos-arm64 0.2.20 26.00 NOTE
r-oldrel-macos-x86_64 0.2.20 39.00 NOTE
r-oldrel-windows-x86_64 0.2.20 6.00 54.00 60.00 NOTE

Check Details

Version: 0.2.20
Check: LazyData
Result: NOTE 'LazyData' is specified without a 'data' directory Flavors: r-devel-linux-x86_64-debian-clang, r-devel-linux-x86_64-debian-gcc, r-devel-linux-x86_64-fedora-clang, r-devel-linux-x86_64-fedora-gcc, r-devel-windows-x86_64, r-patched-linux-x86_64, r-release-linux-x86_64, r-release-macos-arm64, r-release-macos-x86_64, r-release-windows-x86_64, r-oldrel-macos-arm64, r-oldrel-macos-x86_64, r-oldrel-windows-x86_64

Version: 0.2.20
Check: dependencies in R code
Result: NOTE Namespace in Imports field not imported from: ‘usethis’ All declared Imports should be used. Flavors: r-devel-linux-x86_64-fedora-clang, r-devel-linux-x86_64-fedora-gcc