Last updated on 2023-12-10 09:52:41 CET.
Flavor | Version | Tinstall | Tcheck | Ttotal | Status | Flags |
---|---|---|---|---|---|---|
r-devel-linux-x86_64-debian-clang | 0.2.20 | 3.86 | 36.61 | 40.47 | NOTE | |
r-devel-linux-x86_64-debian-gcc | 0.2.20 | 2.77 | 28.88 | 31.65 | NOTE | |
r-devel-linux-x86_64-fedora-clang | 0.2.20 | 50.63 | NOTE | |||
r-devel-linux-x86_64-fedora-gcc | 0.2.20 | 59.04 | NOTE | |||
r-devel-windows-x86_64 | 0.2.20 | 5.00 | 50.00 | 55.00 | NOTE | |
r-patched-linux-x86_64 | 0.2.20 | 2.73 | 36.23 | 38.96 | NOTE | |
r-release-linux-x86_64 | 0.2.20 | 3.93 | 34.86 | 38.79 | NOTE | |
r-release-macos-arm64 | 0.2.20 | 26.00 | NOTE | |||
r-release-macos-x86_64 | 0.2.20 | 39.00 | NOTE | |||
r-release-windows-x86_64 | 0.2.20 | 6.00 | 53.00 | 59.00 | NOTE | |
r-oldrel-macos-arm64 | 0.2.20 | 23.00 | NOTE | |||
r-oldrel-macos-x86_64 | 0.2.20 | 42.00 | NOTE | |||
r-oldrel-windows-x86_64 | 0.2.20 | 6.00 | 58.00 | 64.00 | NOTE |
Version: 0.2.20
Check: LazyData
Result: NOTE
'LazyData' is specified without a 'data' directory
Flavors: r-devel-linux-x86_64-debian-clang, r-devel-linux-x86_64-debian-gcc, r-devel-linux-x86_64-fedora-clang, r-devel-linux-x86_64-fedora-gcc, r-devel-windows-x86_64, r-patched-linux-x86_64, r-release-linux-x86_64, r-release-macos-arm64, r-release-macos-x86_64, r-release-windows-x86_64, r-oldrel-macos-arm64, r-oldrel-macos-x86_64, r-oldrel-windows-x86_64
Version: 0.2.20
Check: dependencies in R code
Result: NOTE
Namespace in Imports field not imported from: ‘usethis’
All declared Imports should be used.
Flavors: r-devel-linux-x86_64-fedora-clang, r-devel-linux-x86_64-fedora-gcc, r-oldrel-macos-arm64, r-oldrel-macos-x86_64