Last updated on 2023-10-04 14:03:50 CEST.
Flavor | Version | Tinstall | Tcheck | Ttotal | Status | Flags |
---|---|---|---|---|---|---|
r-devel-linux-x86_64-debian-clang | 0.4-7 | 1.63 | 27.69 | 29.32 | NOTE | |
r-devel-linux-x86_64-debian-gcc | 0.4-7 | 1.77 | 21.95 | 23.72 | NOTE | |
r-devel-linux-x86_64-fedora-clang | 0.4-7 | 38.67 | NOTE | |||
r-devel-linux-x86_64-fedora-gcc | 0.4-7 | 51.79 | NOTE | |||
r-devel-windows-x86_64 | 0.4-7 | 2.00 | 60.00 | 62.00 | NOTE | |
r-patched-linux-x86_64 | 0.4-7 | 1.73 | 27.43 | 29.16 | NOTE | |
r-release-linux-x86_64 | 0.4-7 | 1.80 | 27.68 | 29.48 | NOTE | |
r-release-macos-arm64 | 0.4-7 | 24.00 | NOTE | |||
r-release-macos-x86_64 | 0.4-7 | 33.00 | NOTE | |||
r-release-windows-x86_64 | 0.4-7 | 2.00 | 54.00 | 56.00 | NOTE | |
r-oldrel-macos-arm64 | 0.4-7 | 19.00 | NOTE | |||
r-oldrel-macos-x86_64 | 0.4-7 | 26.00 | NOTE | |||
r-oldrel-windows-x86_64 | 0.4-7 | 3.00 | 56.00 | 59.00 | NOTE |
Version: 0.4-7
Check: DESCRIPTION meta-information
Result: NOTE
Malformed Description field: should contain one or more complete sentences.
Flavors: r-devel-linux-x86_64-debian-clang, r-devel-linux-x86_64-debian-gcc, r-devel-linux-x86_64-fedora-clang, r-devel-linux-x86_64-fedora-gcc, r-devel-windows-x86_64, r-patched-linux-x86_64, r-release-linux-x86_64, r-release-macos-arm64, r-release-macos-x86_64, r-release-windows-x86_64, r-oldrel-macos-arm64, r-oldrel-macos-x86_64, r-oldrel-windows-x86_64