CRAN Package Check Results for Package gridBase

Last updated on 2023-01-28 15:50:29 CET.

Flavor Version Tinstall Tcheck Ttotal Status Flags
r-devel-linux-x86_64-debian-clang 0.4-7 2.22 27.42 29.64 NOTE
r-devel-linux-x86_64-debian-gcc 0.4-7 1.60 21.73 23.33 NOTE
r-devel-linux-x86_64-fedora-clang 0.4-7 39.25 NOTE
r-devel-linux-x86_64-fedora-gcc 0.4-7 48.25 NOTE
r-devel-windows-x86_64 0.4-7 10.00 66.00 76.00 NOTE
r-patched-linux-x86_64 0.4-7 2.11 27.56 29.67 NOTE
r-release-linux-x86_64 0.4-7 1.82 27.67 29.49 NOTE
r-release-macos-arm64 0.4-7 20.00 NOTE
r-release-macos-x86_64 0.4-7 26.00 NOTE
r-release-windows-x86_64 0.4-7 17.00 66.00 83.00 NOTE
r-oldrel-macos-arm64 0.4-7 36.00 NOTE
r-oldrel-macos-x86_64 0.4-7 35.00 NOTE
r-oldrel-windows-ix86+x86_64 0.4-7 5.00 53.00 58.00 NOTE

Check Details

Version: 0.4-7
Check: DESCRIPTION meta-information
Result: NOTE
    Malformed Description field: should contain one or more complete sentences.
Flavors: r-devel-linux-x86_64-debian-clang, r-devel-linux-x86_64-debian-gcc, r-devel-linux-x86_64-fedora-clang, r-devel-linux-x86_64-fedora-gcc, r-devel-windows-x86_64, r-patched-linux-x86_64, r-release-linux-x86_64, r-release-macos-arm64, r-release-macos-x86_64, r-release-windows-x86_64, r-oldrel-macos-arm64, r-oldrel-macos-x86_64, r-oldrel-windows-ix86+x86_64