CRAN Package Check Results for Package greport

Last updated on 2019-09-20 17:47:20 CEST.

Flavor Version Tinstall Tcheck Ttotal Status Flags
r-devel-linux-x86_64-debian-clang 0.7-1 12.92 91.89 104.81 NOTE
r-devel-linux-x86_64-debian-gcc 0.7-1 12.89 72.15 85.04 NOTE
r-devel-linux-x86_64-fedora-clang 0.7-1 125.59 NOTE
r-devel-linux-x86_64-fedora-gcc 0.7-1 122.32 NOTE
r-devel-windows-ix86+x86_64 0.7-1 51.00 112.00 163.00 NOTE
r-patched-linux-x86_64 0.7-1 11.64 90.16 101.80 NOTE
r-patched-solaris-x86 0.7-1 188.20 NOTE
r-release-linux-x86_64 0.7-1 13.32 89.70 103.02 NOTE
r-release-windows-ix86+x86_64 0.7-1 27.00 162.00 189.00 NOTE
r-release-osx-x86_64 0.7-1 NOTE
r-oldrel-windows-ix86+x86_64 0.7-1 16.00 98.00 114.00 NOTE
r-oldrel-osx-x86_64 0.7-1 NOTE

Check Details

Version: 0.7-1
Check: R code for possible problems
Result: NOTE
    accrualReport: multiple local function definitions for 'gg' with
     different formal arguments
Flavors: r-devel-linux-x86_64-debian-clang, r-devel-linux-x86_64-debian-gcc, r-devel-linux-x86_64-fedora-clang, r-devel-linux-x86_64-fedora-gcc, r-devel-windows-ix86+x86_64, r-patched-linux-x86_64, r-patched-solaris-x86, r-release-linux-x86_64, r-release-windows-ix86+x86_64, r-release-osx-x86_64, r-oldrel-windows-ix86+x86_64, r-oldrel-osx-x86_64