CRAN Package Check Results for Package greport

Last updated on 2020-02-22 04:47:39 CET.

Flavor Version Tinstall Tcheck Ttotal Status Flags
r-devel-linux-x86_64-debian-clang 0.7-2 15.47 108.55 124.02 NOTE
r-devel-linux-x86_64-debian-gcc 0.7-2 11.96 82.29 94.25 NOTE
r-devel-linux-x86_64-fedora-clang 0.7-2 142.72 NOTE
r-devel-linux-x86_64-fedora-gcc 0.7-2 141.92 NOTE
r-devel-windows-ix86+x86_64 0.7-2 30.00 117.00 147.00 NOTE
r-devel-windows-ix86+x86_64-gcc8 0.7-2 42.00 159.00 201.00 NOTE
r-patched-linux-x86_64 0.7-2 NOTE
r-patched-solaris-x86 0.7-2 192.50 NOTE
r-release-linux-x86_64 0.7-2 11.92 92.31 104.23 NOTE
r-release-windows-ix86+x86_64 0.7-2 29.00 118.00 147.00 NOTE
r-release-osx-x86_64 0.7-2 NOTE
r-oldrel-windows-ix86+x86_64 0.7-2 16.00 105.00 121.00 NOTE
r-oldrel-osx-x86_64 0.7-2 NOTE

Check Details

Version: 0.7-2
Check: R code for possible problems
Result: NOTE
    accrualReport: multiple local function definitions for 'gg' with
     different formal arguments
Flavors: r-devel-linux-x86_64-debian-clang, r-devel-linux-x86_64-debian-gcc, r-devel-linux-x86_64-fedora-clang, r-devel-linux-x86_64-fedora-gcc, r-devel-windows-ix86+x86_64, r-devel-windows-ix86+x86_64-gcc8, r-patched-linux-x86_64, r-patched-solaris-x86, r-release-linux-x86_64, r-release-windows-ix86+x86_64, r-release-osx-x86_64, r-oldrel-windows-ix86+x86_64, r-oldrel-osx-x86_64