CRAN Package Check Results for Package gren

Last updated on 2021-12-08 09:53:31 CET.

Flavor Version Tinstall Tcheck Ttotal Status Flags
r-devel-linux-x86_64-debian-clang 0.0.1 47.65 79.99 127.64 OK
r-devel-linux-x86_64-debian-gcc 0.0.1 32.62 62.79 95.41 OK
r-devel-linux-x86_64-fedora-clang 0.0.1 169.28 OK
r-devel-linux-x86_64-fedora-gcc 0.0.1 151.77 OK
r-devel-windows-x86_64-new-UL 0.0.1 64.00 139.00 203.00 OK
r-devel-windows-x86_64-new-TK 0.0.1 OK
r-devel-windows-x86_64-old 0.0.1 61.00 108.00 169.00 OK
r-patched-linux-x86_64 0.0.1 43.52 76.84 120.36 OK
r-release-linux-x86_64 0.0.1 41.34 77.29 118.63 OK
r-release-macos-arm64 0.0.1 NOTE
r-release-macos-x86_64 0.0.1 OK
r-release-windows-ix86+x86_64 0.0.1 80.00 136.00 216.00 OK
r-oldrel-macos-x86_64 0.0.1 OK
r-oldrel-windows-ix86+x86_64 0.0.1 109.00 127.00 236.00 OK

Check Details

Version: 0.0.1
Check: installed package size
Result: NOTE
     installed size is 5.2Mb
     sub-directories of 1Mb or more:
     libs 4.5Mb
Flavor: r-release-macos-arm64