CRAN Package Check Results for Package greenclust

Last updated on 2023-06-06 13:59:34 CEST.

Flavor Version Tinstall Tcheck Ttotal Status Flags
r-devel-linux-x86_64-debian-clang 1.1.0 2.26 26.64 28.90 NOTE
r-devel-linux-x86_64-debian-gcc 1.1.0 2.05 20.50 22.55 NOTE
r-devel-linux-x86_64-fedora-clang 1.1.0 37.05 NOTE
r-devel-linux-x86_64-fedora-gcc 1.1.0 34.56 NOTE
r-devel-windows-x86_64 1.1.0 6.00 42.00 48.00 NOTE
r-patched-linux-x86_64 1.1.0 1.79 25.84 27.63 NOTE
r-release-linux-x86_64 1.1.0 2.11 26.09 28.20 NOTE
r-release-macos-arm64 1.1.0 16.00 NOTE
r-release-macos-x86_64 1.1.0 24.00 NOTE
r-release-windows-x86_64 1.1.0 4.00 43.00 47.00 NOTE
r-oldrel-macos-arm64 1.1.0 18.00 NOTE
r-oldrel-macos-x86_64 1.1.0 21.00 NOTE
r-oldrel-windows-x86_64 1.1.0 4.00 44.00 48.00 NOTE

Check Details

Version: 1.1.0
Check: LazyData
Result: NOTE
     'LazyData' is specified without a 'data' directory
Flavors: r-devel-linux-x86_64-debian-clang, r-devel-linux-x86_64-debian-gcc, r-devel-linux-x86_64-fedora-clang, r-devel-linux-x86_64-fedora-gcc, r-devel-windows-x86_64, r-patched-linux-x86_64, r-release-linux-x86_64, r-release-macos-arm64, r-release-macos-x86_64, r-release-windows-x86_64, r-oldrel-macos-arm64, r-oldrel-macos-x86_64, r-oldrel-windows-x86_64