CRAN Package Check Results for Package gravity

Last updated on 2020-08-12 21:49:42 CEST.

Flavor Version Tinstall Tcheck Ttotal Status Flags
r-devel-linux-x86_64-debian-clang 0.9.9 0.59 2.55 3.14 ERROR
r-devel-linux-x86_64-debian-gcc 0.9.9 10.87 107.56 118.43 OK
r-devel-linux-x86_64-fedora-clang 0.9.9 190.84 OK
r-devel-linux-x86_64-fedora-gcc 0.9.9 179.30 OK
r-devel-windows-ix86+x86_64 0.9.9 26.00 230.00 256.00 OK
r-patched-linux-x86_64 0.9.9 11.26 139.17 150.43 OK
r-patched-solaris-x86 0.9.9 259.50 OK
r-release-linux-x86_64 0.9.9 0.37 2.57 2.94 ERROR
r-release-macos-x86_64 0.9.9 OK
r-release-windows-ix86+x86_64 0.9.9 43.00 217.00 260.00 OK
r-oldrel-macos-x86_64 0.9.9 OK
r-oldrel-windows-ix86+x86_64 0.9.9 19.00 152.00 171.00 OK

Check Details

Version: 0.9.9
Check: package dependencies
Result: ERROR
    Package required but not available: 'tidyr'
    
    Package suggested but not available for checking: 'broom'
    
    See section 'The DESCRIPTION file' in the 'Writing R Extensions'
    manual.
Flavors: r-devel-linux-x86_64-debian-clang, r-release-linux-x86_64