CRAN Package Check Results for Package graphlayouts

Last updated on 2021-04-16 00:47:14 CEST.

Flavor Version Tinstall Tcheck Ttotal Status Flags
r-devel-linux-x86_64-debian-clang 0.7.1 84.31 42.08 126.39 OK
r-devel-linux-x86_64-debian-gcc 0.7.1 52.65 32.03 84.68 OK
r-devel-linux-x86_64-fedora-clang 0.7.1 178.00 NOTE
r-devel-linux-x86_64-fedora-gcc 0.7.1 152.94 OK
r-devel-windows-ix86+x86_64 0.7.1 158.00 97.00 255.00 OK
r-devel-windows-x86_64-gcc10-UCRT 0.7.1 OK
r-patched-linux-x86_64 0.7.1 63.28 39.03 102.31 OK
r-patched-solaris-x86 0.7.1 147.70 OK
r-release-linux-x86_64 0.7.1 63.67 38.69 102.36 OK
r-release-macos-x86_64 0.7.1 NOTE
r-release-windows-ix86+x86_64 0.7.1 142.00 95.00 237.00 OK
r-oldrel-macos-x86_64 0.7.1 NOTE
r-oldrel-windows-ix86+x86_64 0.7.1 161.00 65.00 226.00 OK

Check Details

Version: 0.7.1
Check: installed package size
Result: NOTE
     installed size is 6.5Mb
     sub-directories of 1Mb or more:
     help 2.4Mb
     libs 3.8Mb
Flavors: r-devel-linux-x86_64-fedora-clang, r-release-macos-x86_64, r-oldrel-macos-x86_64