CRAN Package Check Results for Package graphTweets

Last updated on 2022-07-03 21:53:04 CEST.

Flavor Version Tinstall Tcheck Ttotal Status Flags
r-devel-linux-x86_64-debian-clang 0.5.3 5.23 52.72 57.95 OK
r-devel-linux-x86_64-debian-gcc 0.5.3 3.89 39.43 43.32 OK
r-devel-linux-x86_64-fedora-clang 0.5.3 80.85 NOTE
r-devel-linux-x86_64-fedora-gcc 0.5.3 78.55 NOTE
r-devel-windows-x86_64 0.5.3 25.00 77.00 102.00 OK
r-patched-linux-x86_64 0.5.3 4.58 49.84 54.42 OK
r-release-linux-x86_64 0.5.3 3.53 49.58 53.11 OK
r-release-macos-arm64 0.5.3 23.00 NOTE
r-release-macos-x86_64 0.5.3 72.00 NOTE
r-release-windows-x86_64 0.5.3 27.00 76.00 103.00 OK
r-oldrel-macos-arm64 0.5.3 29.00 NOTE
r-oldrel-macos-x86_64 0.5.3 41.00 NOTE
r-oldrel-windows-ix86+x86_64 0.5.3 14.00 69.00 83.00 OK

Check Details

Version: 0.5.3
Check: dependencies in R code
Result: NOTE
    Namespace in Imports field not imported from: ‘utils’
     All declared Imports should be used.
Flavors: r-devel-linux-x86_64-fedora-clang, r-devel-linux-x86_64-fedora-gcc, r-release-macos-arm64, r-release-macos-x86_64, r-oldrel-macos-arm64, r-oldrel-macos-x86_64