CRAN Package Check Results for Package graphTweets

Last updated on 2021-03-09 04:48:48 CET.

Flavor Version Tinstall Tcheck Ttotal Status Flags
r-devel-linux-x86_64-debian-clang 0.5.3 4.17 44.47 48.64 OK
r-devel-linux-x86_64-debian-gcc 0.5.3 3.02 33.21 36.23 OK
r-devel-linux-x86_64-fedora-clang 0.5.3 68.36 NOTE
r-devel-linux-x86_64-fedora-gcc 0.5.3 55.60 NOTE
r-devel-windows-ix86+x86_64 0.5.3 11.00 47.00 58.00 OK
r-devel-windows-x86_64-gcc10-UCRT 0.5.3 NOTE
r-patched-linux-x86_64 0.5.3 4.07 40.93 45.00 OK
r-patched-solaris-x86 0.5.3 76.80 NOTE
r-release-linux-x86_64 0.5.3 3.92 41.02 44.94 OK
r-release-macos-x86_64 0.5.3 NOTE
r-release-windows-ix86+x86_64 0.5.3 9.00 45.00 54.00 OK
r-oldrel-macos-x86_64 0.5.3 NOTE
r-oldrel-windows-ix86+x86_64 0.5.3 8.00 43.00 51.00 OK

Check Details

Version: 0.5.3
Check: dependencies in R code
Result: NOTE
    Namespace in Imports field not imported from: ‘utils’
     All declared Imports should be used.
Flavors: r-devel-linux-x86_64-fedora-clang, r-devel-linux-x86_64-fedora-gcc, r-devel-windows-x86_64-gcc10-UCRT, r-patched-solaris-x86, r-release-macos-x86_64, r-oldrel-macos-x86_64