CRAN Package Check Results for Package graphTweets

Last updated on 2018-12-09 19:46:42 CET.

Flavor Version Tinstall Tcheck Ttotal Status Flags
r-devel-linux-x86_64-debian-clang 0.5.0 2.80 32.56 35.36 OK
r-devel-linux-x86_64-debian-gcc 0.5.0 1.95 25.48 27.43 OK
r-devel-linux-x86_64-fedora-clang 0.5.0 40.02 NOTE
r-devel-linux-x86_64-fedora-gcc 0.5.0 41.23 NOTE
r-devel-windows-ix86+x86_64 0.5.0 8.00 47.00 55.00 OK
r-patched-linux-x86_64 0.5.0 2.01 30.49 32.50 OK
r-patched-solaris-x86 0.5.0 67.10 NOTE
r-release-linux-x86_64 0.5.0 2.41 30.13 32.54 OK
r-release-windows-ix86+x86_64 0.5.0 6.00 43.00 49.00 OK
r-release-osx-x86_64 0.5.0 NOTE
r-oldrel-windows-ix86+x86_64 0.5.0 4.00 46.00 50.00 OK
r-oldrel-osx-x86_64 0.5.0 NOTE

Check Details

Version: 0.5.0
Check: dependencies in R code
Result: NOTE
    Namespace in Imports field not imported from: ‘utils’
     All declared Imports should be used.
Flavors: r-devel-linux-x86_64-fedora-clang, r-devel-linux-x86_64-fedora-gcc, r-patched-solaris-x86, r-release-osx-x86_64, r-oldrel-osx-x86_64