CRAN Package Check Results for Package graphTweets

Last updated on 2018-10-18 00:48:10 CEST.

Flavor Version Tinstall Tcheck Ttotal Status Flags
r-devel-linux-x86_64-debian-clang 0.5.0 3.15 35.53 38.68 OK
r-devel-linux-x86_64-debian-gcc 0.5.0 2.40 27.65 30.05 OK
r-devel-linux-x86_64-fedora-clang 0.5.0 44.23 NOTE
r-devel-linux-x86_64-fedora-gcc 0.5.0 43.66 NOTE
r-devel-windows-ix86+x86_64 0.5.0 11.00 79.00 90.00 OK
r-patched-linux-x86_64 0.5.0 2.44 29.98 32.42 OK
r-patched-solaris-x86 0.5.0 60.70 NOTE
r-release-linux-x86_64 0.5.0 2.15 30.14 32.29 OK
r-release-windows-ix86+x86_64 0.5.0 7.00 50.00 57.00 OK
r-release-osx-x86_64 0.5.0 NOTE
r-oldrel-windows-ix86+x86_64 0.5.0 10.00 51.00 61.00 OK
r-oldrel-osx-x86_64 0.5.0 NOTE

Check Details

Version: 0.5.0
Check: dependencies in R code
Result: NOTE
    Namespace in Imports field not imported from: ‘utils’
     All declared Imports should be used.
Flavors: r-devel-linux-x86_64-fedora-clang, r-devel-linux-x86_64-fedora-gcc, r-patched-solaris-x86, r-release-osx-x86_64, r-oldrel-osx-x86_64