CRAN Package Check Results for Package graphTweets

Last updated on 2022-01-24 02:51:02 CET.

Flavor Version Tinstall Tcheck Ttotal Status Flags
r-devel-linux-x86_64-debian-clang 0.5.3 4.03 53.63 57.66 OK
r-devel-linux-x86_64-debian-gcc 0.5.3 2.77 40.15 42.92 OK
r-devel-linux-x86_64-fedora-clang 0.5.3 69.62 NOTE
r-devel-linux-x86_64-fedora-gcc 0.5.3 57.24 NOTE
r-devel-windows-x86_64-new-UL 0.5.3 62.00 69.00 131.00 OK
r-devel-windows-x86_64-new-TK 0.5.3 NOTE
r-patched-linux-x86_64 0.5.3 3.99 49.45 53.44 OK
r-release-linux-x86_64 0.5.3 4.07 49.49 53.56 OK
r-release-macos-arm64 0.5.3 NOTE
r-release-macos-x86_64 0.5.3 NOTE
r-release-windows-ix86+x86_64 0.5.3 12.00 61.00 73.00 OK
r-oldrel-macos-x86_64 0.5.3 NOTE
r-oldrel-windows-ix86+x86_64 0.5.3 11.00 62.00 73.00 OK

Check Details

Version: 0.5.3
Check: dependencies in R code
Result: NOTE
    Namespace in Imports field not imported from: ‘utils’
     All declared Imports should be used.
Flavors: r-devel-linux-x86_64-fedora-clang, r-devel-linux-x86_64-fedora-gcc, r-devel-windows-x86_64-new-TK, r-release-macos-arm64, r-release-macos-x86_64, r-oldrel-macos-x86_64