CRAN Package Check Results for Package graphTweets

Last updated on 2019-04-24 16:53:02 CEST.

Flavor Version Tinstall Tcheck Ttotal Status Flags
r-devel-linux-x86_64-debian-clang 0.5.1 4.19 32.80 36.99 OK
r-devel-linux-x86_64-debian-gcc 0.5.1 3.19 25.86 29.05 OK
r-devel-linux-x86_64-fedora-clang 0.5.1 42.99 NOTE
r-devel-linux-x86_64-fedora-gcc 0.5.1 40.28 NOTE
r-devel-windows-ix86+x86_64 0.5.1 14.00 47.00 61.00 OK
r-patched-linux-x86_64 0.5.1 3.00 31.85 34.85 OK
r-patched-solaris-x86 0.5.1 64.40 NOTE
r-release-linux-x86_64 0.5.1 2.42 30.73 33.15 OK
r-release-windows-ix86+x86_64 0.5.1 5.00 91.00 96.00 OK
r-release-osx-x86_64 0.5.1 NOTE
r-oldrel-windows-ix86+x86_64 0.5.1 5.00 50.00 55.00 OK
r-oldrel-osx-x86_64 0.5.1 NOTE

Check Details

Version: 0.5.1
Check: dependencies in R code
Result: NOTE
    Namespace in Imports field not imported from: ‘utils’
     All declared Imports should be used.
Flavors: r-devel-linux-x86_64-fedora-clang, r-devel-linux-x86_64-fedora-gcc, r-patched-solaris-x86, r-release-osx-x86_64, r-oldrel-osx-x86_64