CRAN Package Check Results for Package graphTweets

Last updated on 2019-02-19 11:52:10 CET.

Flavor Version Tinstall Tcheck Ttotal Status Flags
r-devel-linux-x86_64-debian-clang 0.5.1 2.61 33.00 35.61 OK
r-devel-linux-x86_64-debian-gcc 0.5.1 1.73 25.63 27.36 OK
r-devel-linux-x86_64-fedora-clang 0.5.1 42.99 NOTE
r-devel-linux-x86_64-fedora-gcc 0.5.1 39.67 NOTE
r-devel-windows-ix86+x86_64 0.5.1 9.00 76.00 85.00 OK
r-patched-linux-x86_64 0.5.1 1.98 30.57 32.55 OK
r-patched-solaris-x86 0.5.1 58.40 NOTE
r-release-linux-x86_64 0.5.1 2.68 30.51 33.19 OK
r-release-windows-ix86+x86_64 0.5.1 7.00 58.00 65.00 OK
r-release-osx-x86_64 0.5.1 NOTE
r-oldrel-windows-ix86+x86_64 0.5.1 4.00 44.00 48.00 OK
r-oldrel-osx-x86_64 0.5.1 NOTE

Check Details

Version: 0.5.1
Check: dependencies in R code
Result: NOTE
    Namespace in Imports field not imported from: ‘utils’
     All declared Imports should be used.
Flavors: r-devel-linux-x86_64-fedora-clang, r-devel-linux-x86_64-fedora-gcc, r-patched-solaris-x86, r-release-osx-x86_64, r-oldrel-osx-x86_64