CRAN Package Check Results for Package grandR

Last updated on 2022-11-28 22:51:24 CET.

Flavor Version Tinstall Tcheck Ttotal Status Flags
r-devel-linux-x86_64-debian-clang 0.2.0 15.85 235.91 251.76 OK
r-devel-linux-x86_64-debian-gcc 0.2.0 11.76 169.62 181.38 OK
r-devel-linux-x86_64-fedora-clang 0.2.0 342.41 NOTE
r-devel-linux-x86_64-fedora-gcc 0.2.0 347.67 NOTE
r-devel-windows-x86_64 0.2.0 91.00 291.00 382.00 OK
r-patched-linux-x86_64 0.2.0 16.29 219.91 236.20 OK
r-release-linux-x86_64 0.2.0 15.25 216.20 231.45 OK
r-release-macos-arm64 0.2.0 134.00 NOTE
r-release-macos-x86_64 0.2.0 7.00 ERROR
r-release-windows-x86_64 0.2.0 98.00 261.00 359.00 OK
r-oldrel-macos-arm64 0.2.0 101.00 NOTE
r-oldrel-macos-x86_64 0.2.0 118.00 NOTE
r-oldrel-windows-ix86+x86_64 0.2.0 32.00 406.00 438.00 WARN

Check Details

Version: 0.2.0
Check: dependencies in R code
Result: NOTE
    Namespace in Imports field not imported from: ‘lfc’
     All declared Imports should be used.
Flavors: r-devel-linux-x86_64-fedora-clang, r-devel-linux-x86_64-fedora-gcc, r-release-macos-arm64, r-oldrel-macos-arm64, r-oldrel-macos-x86_64

Version: 0.2.0
Check: package dependencies
Result: NOTE
    Package suggested but not available for checking: ‘monocle’
Flavors: r-release-macos-arm64, r-oldrel-macos-arm64

Version: 0.2.0
Check: Rd cross-references
Result: NOTE
    Package unavailable to check Rd xrefs: ‘monocle’
Flavors: r-release-macos-arm64, r-oldrel-macos-arm64

Version: 0.2.0
Check: package dependencies
Result: ERROR
    Package required but not available: ‘lfc’
    
    See section ‘The DESCRIPTION file’ in the ‘Writing R Extensions’
    manual.
Flavor: r-release-macos-x86_64

Version: 0.2.0
Check: re-building of vignette outputs
Result: WARN
    Error(s) in re-building vignettes:
    --- re-building 'getting-started.Rmd' using rmarkdown
    Quitting from lines 27-34 (getting-started.Rmd)
    Error: processing vignette 'getting-started.Rmd' failed with diagnostics:
    File not found; If you want to access non-local files directly, please install the RCurl package!
    --- failed re-building 'getting-started.Rmd'
    
    SUMMARY: processing the following file failed:
     'getting-started.Rmd'
    
    Error: Vignette re-building failed.
    Execution halted
Flavor: r-oldrel-windows-ix86+x86_64