Last updated on 2022-05-22 17:50:42 CEST.
Flavor | Version | Tinstall | Tcheck | Ttotal | Status | Flags |
---|---|---|---|---|---|---|
r-devel-linux-x86_64-debian-clang | 0.1.0.0 | 4.09 | 44.97 | 49.06 | NOTE | |
r-devel-linux-x86_64-debian-gcc | 0.1.0.0 | 3.01 | 35.53 | 38.54 | NOTE | |
r-devel-linux-x86_64-fedora-clang | 0.1.0.0 | 59.53 | NOTE | |||
r-devel-linux-x86_64-fedora-gcc | 0.1.0.0 | 57.76 | NOTE | |||
r-devel-windows-x86_64 | 0.1.0.0 | 102.00 | 63.00 | 165.00 | NOTE | |
r-patched-linux-x86_64 | 0.1.0.0 | 7.08 | 43.82 | 50.90 | NOTE | |
r-release-linux-x86_64 | 0.1.0.0 | 3.42 | 44.58 | 48.00 | NOTE | |
r-release-macos-arm64 | 0.1.0.0 | 19.00 | NOTE | |||
r-release-macos-x86_64 | 0.1.0.0 | 34.00 | NOTE | |||
r-release-windows-x86_64 | 0.1.0.0 | 48.00 | 66.00 | 114.00 | NOTE | |
r-oldrel-macos-arm64 | 0.1.0.0 | 22.00 | NOTE | |||
r-oldrel-macos-x86_64 | 0.1.0.0 | 31.00 | NOTE | |||
r-oldrel-windows-ix86+x86_64 | 0.1.0.0 | 12.00 | 58.00 | 70.00 | NOTE |
Version: 0.1.0.0
Check: LazyData
Result: NOTE
'LazyData' is specified without a 'data' directory
Flavors: r-devel-linux-x86_64-debian-clang, r-devel-linux-x86_64-debian-gcc, r-devel-linux-x86_64-fedora-clang, r-devel-linux-x86_64-fedora-gcc, r-devel-windows-x86_64, r-patched-linux-x86_64, r-release-linux-x86_64, r-release-macos-arm64, r-release-macos-x86_64, r-release-windows-x86_64, r-oldrel-macos-arm64, r-oldrel-macos-x86_64, r-oldrel-windows-ix86+x86_64